{"id":2021,"date":"2017-06-19T18:56:32","date_gmt":"2017-06-19T16:56:32","guid":{"rendered":"http:\/\/katialorenzon.com\/?page_id=2021"},"modified":"2022-01-23T19:53:45","modified_gmt":"2022-01-23T18:53:45","slug":"katia-lorenzon-portfolio-le-petit-duc-fabricant-de-douceurs-decouvreur-de-tresors","status":"publish","type":"page","link":"https:\/\/katialorenzon.com\/index.php\/katia-lorenzon-portfolio-le-petit-duc-fabricant-de-douceurs-decouvreur-de-tresors\/","title":{"rendered":"Katia Lorenzon\/portfolio\/Le Petit Duc &#8211; Fabricant de douceurs &#8211; D\u00e9couvreur de tr\u00e9sors"},"content":{"rendered":"\n<p><strong>M<\/strong>aison de biscuits et d\u2019autres merveilles artisanales, dont les l\u00e9gendaires calissons carr\u00e9s &#8211; avez-vous jamais go\u00fbt\u00e9 ceux \u00e0 la rose de damas ou au gingembre ?<br>Pour <a href=\"https:\/\/www.petit-duc.com\/\"><strong>Le Petit Duc<\/strong><\/a>, je me suis occup\u00e9e de la mise en valeur du coffret \u00e0 damier calissons\/p\u00e2tes de fruits et d\u2019une gamme choisie de produits pour la vitrine estivale : p\u00e9tales enrob\u00e9s de cristaux de sucre, guimauves, bonbon \u00e0 la rose. Leur palette chromatique d\u00e9j\u00e0, tendre et a\u00e9rienne, est un vrai plaisir pour les yeux.<br><br>Cr\u00e9ation de la vitrine, mise en situation des produits, packaging. <em>Paris\/Saint-R\u00e9my-de-Provence, 2017.<\/em><\/p>\n\n\n\n<div class=\"wp-block-image\"><figure class=\"aligncenter size-full\"><img decoding=\"async\" loading=\"lazy\" width=\"1000\" height=\"800\" src=\"https:\/\/katialorenzon.com\/wp-content\/uploads\/2017\/06\/01-le-petit-duc-mur_entree.jpg\" alt=\"\" class=\"wp-image-2027\" srcset=\"https:\/\/katialorenzon.com\/wp-content\/uploads\/2017\/06\/01-le-petit-duc-mur_entree.jpg 1000w, https:\/\/katialorenzon.com\/wp-content\/uploads\/2017\/06\/01-le-petit-duc-mur_entree-300x240.jpg 300w, https:\/\/katialorenzon.com\/wp-content\/uploads\/2017\/06\/01-le-petit-duc-mur_entree-768x614.jpg 768w\" sizes=\"(max-width: 1000px) 100vw, 1000px\" \/><\/figure><\/div>\n\n\n\n<p><\/p>\n\n\n\n<div class=\"wp-block-image\"><figure class=\"aligncenter size-full\"><img decoding=\"async\" loading=\"lazy\" width=\"1000\" height=\"800\" src=\"https:\/\/katialorenzon.com\/wp-content\/uploads\/2021\/12\/03-le-petit-duc-vitrine-ete.jpg\" alt=\"\" class=\"wp-image-3326\" srcset=\"https:\/\/katialorenzon.com\/wp-content\/uploads\/2021\/12\/03-le-petit-duc-vitrine-ete.jpg 1000w, https:\/\/katialorenzon.com\/wp-content\/uploads\/2021\/12\/03-le-petit-duc-vitrine-ete-300x240.jpg 300w, https:\/\/katialorenzon.com\/wp-content\/uploads\/2021\/12\/03-le-petit-duc-vitrine-ete-768x614.jpg 768w\" sizes=\"(max-width: 1000px) 100vw, 1000px\" \/><\/figure><\/div>\n\n\n\n<p><\/p>\n\n\n\n<div class=\"wp-block-image\"><figure class=\"aligncenter size-full\"><img decoding=\"async\" loading=\"lazy\" width=\"1000\" height=\"500\" src=\"https:\/\/katialorenzon.com\/wp-content\/uploads\/2017\/06\/08-le-petit-duc-silhouettes_ensemble.jpg\" alt=\"Le Petit Duc, vitrine. Design Katia Lorenzon\" class=\"wp-image-2032\" srcset=\"https:\/\/katialorenzon.com\/wp-content\/uploads\/2017\/06\/08-le-petit-duc-silhouettes_ensemble.jpg 1000w, https:\/\/katialorenzon.com\/wp-content\/uploads\/2017\/06\/08-le-petit-duc-silhouettes_ensemble-300x150.jpg 300w, https:\/\/katialorenzon.com\/wp-content\/uploads\/2017\/06\/08-le-petit-duc-silhouettes_ensemble-768x384.jpg 768w\" sizes=\"(max-width: 1000px) 100vw, 1000px\" \/><\/figure><\/div>\n\n\n\n<p><\/p>\n\n\n\n<div class=\"wp-block-image\"><figure class=\"aligncenter size-full\"><img decoding=\"async\" loading=\"lazy\" width=\"1000\" height=\"500\" src=\"https:\/\/katialorenzon.com\/wp-content\/uploads\/2017\/06\/06-le-petit-duc-damier-dett.jpg\" alt=\"\" class=\"wp-image-2031\" srcset=\"https:\/\/katialorenzon.com\/wp-content\/uploads\/2017\/06\/06-le-petit-duc-damier-dett.jpg 1000w, https:\/\/katialorenzon.com\/wp-content\/uploads\/2017\/06\/06-le-petit-duc-damier-dett-300x150.jpg 300w, https:\/\/katialorenzon.com\/wp-content\/uploads\/2017\/06\/06-le-petit-duc-damier-dett-768x384.jpg 768w\" sizes=\"(max-width: 1000px) 100vw, 1000px\" \/><figcaption><a href=\"http:\/\/www.sokebana.net\/portfolio\/macarons-charaix\/\" target=\"_blank\" rel=\"noreferrer noopener\">\u00a9<\/a><a href=\"https:\/\/www.sokebana.net\/portfolio\/maison-charaix\/\"> Sokebana photographe<\/a><\/figcaption><\/figure><\/div>\n\n\n\n<div class=\"wp-block-image\"><figure class=\"aligncenter size-full\"><img decoding=\"async\" loading=\"lazy\" width=\"1000\" height=\"550\" src=\"https:\/\/katialorenzon.com\/wp-content\/uploads\/2017\/06\/09-le-petit-duc-damier-dett.jpg\" alt=\"\" class=\"wp-image-2033\" srcset=\"https:\/\/katialorenzon.com\/wp-content\/uploads\/2017\/06\/09-le-petit-duc-damier-dett.jpg 1000w, https:\/\/katialorenzon.com\/wp-content\/uploads\/2017\/06\/09-le-petit-duc-damier-dett-300x165.jpg 300w, https:\/\/katialorenzon.com\/wp-content\/uploads\/2017\/06\/09-le-petit-duc-damier-dett-768x422.jpg 768w\" sizes=\"(max-width: 1000px) 100vw, 1000px\" \/><\/figure><\/div>\n\n\n\n<p><\/p>\n\n\n\n<div class=\"wp-block-image\"><figure class=\"aligncenter size-full\"><img decoding=\"async\" loading=\"lazy\" width=\"1000\" height=\"800\" src=\"https:\/\/katialorenzon.com\/wp-content\/uploads\/2021\/12\/19-le-petit-duc-silhouette1-detail.jpg\" alt=\"\" class=\"wp-image-3327\" srcset=\"https:\/\/katialorenzon.com\/wp-content\/uploads\/2021\/12\/19-le-petit-duc-silhouette1-detail.jpg 1000w, https:\/\/katialorenzon.com\/wp-content\/uploads\/2021\/12\/19-le-petit-duc-silhouette1-detail-300x240.jpg 300w, https:\/\/katialorenzon.com\/wp-content\/uploads\/2021\/12\/19-le-petit-duc-silhouette1-detail-768x614.jpg 768w\" sizes=\"(max-width: 1000px) 100vw, 1000px\" \/><\/figure><\/div>\n\n\n\n<p><\/p>\n\n\n\n<div class=\"wp-block-image\"><figure class=\"aligncenter size-large\"><img decoding=\"async\" loading=\"lazy\" width=\"1200\" height=\"600\" src=\"https:\/\/katialorenzon.com\/wp-content\/uploads\/2017\/06\/le-petit-duc-dett-vitrine-slide-katia-lorenzon-1200x600.png\" alt=\"Le Petit Duc, d\u00e9tail de la vitrine. Design: katia lorenzon\" class=\"wp-image-2092\" srcset=\"https:\/\/katialorenzon.com\/wp-content\/uploads\/2017\/06\/le-petit-duc-dett-vitrine-slide-katia-lorenzon.png 1200w, https:\/\/katialorenzon.com\/wp-content\/uploads\/2017\/06\/le-petit-duc-dett-vitrine-slide-katia-lorenzon-300x150.png 300w, https:\/\/katialorenzon.com\/wp-content\/uploads\/2017\/06\/le-petit-duc-dett-vitrine-slide-katia-lorenzon-768x384.png 768w\" sizes=\"(max-width: 1200px) 100vw, 1200px\" \/><\/figure><\/div>\n\n\n\n<p><\/p>\n\n\n\n<div class=\"wp-block-image\"><figure class=\"aligncenter size-full\"><img decoding=\"async\" loading=\"lazy\" width=\"1000\" height=\"800\" src=\"https:\/\/katialorenzon.com\/wp-content\/uploads\/2021\/12\/20-le-petit-duc-silhouette2-detail.jpg\" alt=\"\" class=\"wp-image-3328\" srcset=\"https:\/\/katialorenzon.com\/wp-content\/uploads\/2021\/12\/20-le-petit-duc-silhouette2-detail.jpg 1000w, https:\/\/katialorenzon.com\/wp-content\/uploads\/2021\/12\/20-le-petit-duc-silhouette2-detail-300x240.jpg 300w, https:\/\/katialorenzon.com\/wp-content\/uploads\/2021\/12\/20-le-petit-duc-silhouette2-detail-768x614.jpg 768w\" sizes=\"(max-width: 1000px) 100vw, 1000px\" \/><\/figure><\/div>\n\n\n\n<p><\/p>\n\n\n\n<div class=\"wp-block-image\"><figure class=\"aligncenter size-full\"><img decoding=\"async\" loading=\"lazy\" width=\"1000\" height=\"500\" src=\"https:\/\/katialorenzon.com\/wp-content\/uploads\/2017\/06\/18-le-petit-duc-silhouette2-dett.jpg\" alt=\"Le Petit Duc, vitrine. Design Katia Lorenzon\" class=\"wp-image-2038\" srcset=\"https:\/\/katialorenzon.com\/wp-content\/uploads\/2017\/06\/18-le-petit-duc-silhouette2-dett.jpg 1000w, https:\/\/katialorenzon.com\/wp-content\/uploads\/2017\/06\/18-le-petit-duc-silhouette2-dett-300x150.jpg 300w, https:\/\/katialorenzon.com\/wp-content\/uploads\/2017\/06\/18-le-petit-duc-silhouette2-dett-768x384.jpg 768w\" sizes=\"(max-width: 1000px) 100vw, 1000px\" \/><\/figure><\/div>\n\n\n\n<p><\/p>\n\n\n\n<div class=\"wp-block-image\"><figure class=\"aligncenter size-full\"><img decoding=\"async\" loading=\"lazy\" width=\"1000\" height=\"600\" src=\"https:\/\/katialorenzon.com\/wp-content\/uploads\/2017\/06\/23-le-petit-duc-silhouettes-vitrine-croquis.jpg\" alt=\"Le Petit Duc croquis des silhouettes pour la vitrine. Design: Katia Lorenzon\" class=\"wp-image-2108\" srcset=\"https:\/\/katialorenzon.com\/wp-content\/uploads\/2017\/06\/23-le-petit-duc-silhouettes-vitrine-croquis.jpg 1000w, https:\/\/katialorenzon.com\/wp-content\/uploads\/2017\/06\/23-le-petit-duc-silhouettes-vitrine-croquis-300x180.jpg 300w, https:\/\/katialorenzon.com\/wp-content\/uploads\/2017\/06\/23-le-petit-duc-silhouettes-vitrine-croquis-768x461.jpg 768w\" sizes=\"(max-width: 1000px) 100vw, 1000px\" \/><\/figure><\/div>\n\n\n\n<p><\/p>\n\n\n\n<figure class=\"wp-block-image size-full\"><img decoding=\"async\" loading=\"lazy\" width=\"1000\" height=\"800\" src=\"https:\/\/katialorenzon.com\/wp-content\/uploads\/2017\/06\/04-le-petit-duc-mise-en-situation-produits.jpg\" alt=\"\" class=\"wp-image-2030\" srcset=\"https:\/\/katialorenzon.com\/wp-content\/uploads\/2017\/06\/04-le-petit-duc-mise-en-situation-produits.jpg 1000w, https:\/\/katialorenzon.com\/wp-content\/uploads\/2017\/06\/04-le-petit-duc-mise-en-situation-produits-300x240.jpg 300w, https:\/\/katialorenzon.com\/wp-content\/uploads\/2017\/06\/04-le-petit-duc-mise-en-situation-produits-768x614.jpg 768w\" sizes=\"(max-width: 1000px) 100vw, 1000px\" \/><\/figure>\n\n\n\n<p><\/p>\n\n\n\n<div class=\"wp-block-image\"><figure class=\"aligncenter size-full\"><img decoding=\"async\" loading=\"lazy\" width=\"1000\" height=\"500\" src=\"https:\/\/katialorenzon.com\/wp-content\/uploads\/2017\/06\/11-le-petit-duc-cahiers_dett.jpg\" alt=\"\" class=\"wp-image-2035\" srcset=\"https:\/\/katialorenzon.com\/wp-content\/uploads\/2017\/06\/11-le-petit-duc-cahiers_dett.jpg 1000w, https:\/\/katialorenzon.com\/wp-content\/uploads\/2017\/06\/11-le-petit-duc-cahiers_dett-300x150.jpg 300w, https:\/\/katialorenzon.com\/wp-content\/uploads\/2017\/06\/11-le-petit-duc-cahiers_dett-768x384.jpg 768w\" sizes=\"(max-width: 1000px) 100vw, 1000px\" \/><\/figure><\/div>\n\n\n\n<p><\/p>\n\n\n\n<div class=\"wp-block-image\"><figure class=\"aligncenter size-full\"><img decoding=\"async\" loading=\"lazy\" width=\"1000\" height=\"600\" src=\"https:\/\/katialorenzon.com\/wp-content\/uploads\/2017\/06\/22-le-petit-duc-dett-assortiment.jpg\" alt=\"\" class=\"wp-image-2042\" srcset=\"https:\/\/katialorenzon.com\/wp-content\/uploads\/2017\/06\/22-le-petit-duc-dett-assortiment.jpg 1000w, https:\/\/katialorenzon.com\/wp-content\/uploads\/2017\/06\/22-le-petit-duc-dett-assortiment-300x180.jpg 300w, https:\/\/katialorenzon.com\/wp-content\/uploads\/2017\/06\/22-le-petit-duc-dett-assortiment-768x461.jpg 768w\" sizes=\"(max-width: 1000px) 100vw, 1000px\" \/><\/figure><\/div>\n\n\n\n<p><\/p>\n\n\n\n<div class=\"wp-block-image\"><figure class=\"aligncenter size-full\"><img decoding=\"async\" loading=\"lazy\" width=\"1000\" height=\"800\" src=\"https:\/\/katialorenzon.com\/wp-content\/uploads\/2017\/06\/24-le-petit-duc-facade-boutique.jpg\" alt=\"\" class=\"wp-image-2118\" srcset=\"https:\/\/katialorenzon.com\/wp-content\/uploads\/2017\/06\/24-le-petit-duc-facade-boutique.jpg 1000w, https:\/\/katialorenzon.com\/wp-content\/uploads\/2017\/06\/24-le-petit-duc-facade-boutique-300x240.jpg 300w, https:\/\/katialorenzon.com\/wp-content\/uploads\/2017\/06\/24-le-petit-duc-facade-boutique-768x614.jpg 768w\" sizes=\"(max-width: 1000px) 100vw, 1000px\" \/><figcaption><a href=\"https:\/\/www.instagram.com\/foryoshi\/?hl=fr\">\u00a9 thomy KEAT photographe<\/a><\/figcaption><\/figure><\/div>\n","protected":false},"excerpt":{"rendered":"<p>Maison de biscuits et d\u2019autres merveilles artisanales, dont les l\u00e9gendaires calissons carr\u00e9s &#8211; avez-vous jamais go\u00fbt\u00e9 ceux \u00e0 la rose de damas ou au gingembre&#8230;<\/p>\n<div class=\"more-link-wrapper\"><a class=\"more-link\" href=\"https:\/\/katialorenzon.com\/index.php\/katia-lorenzon-portfolio-le-petit-duc-fabricant-de-douceurs-decouvreur-de-tresors\/\">zoom<span class=\"screen-reader-text\">Katia Lorenzon\/portfolio\/Le Petit Duc &#8211; Fabricant de douceurs &#8211; D\u00e9couvreur de tr\u00e9sors<\/span><\/a><\/div>\n","protected":false},"author":1,"featured_media":0,"parent":0,"menu_order":0,"comment_status":"closed","ping_status":"closed","template":"","meta":{"footnotes":""},"yoast_head":"<!-- This site is optimized with the Yoast SEO plugin v17.7.1 - https:\/\/yoast.com\/wordpress\/plugins\/seo\/ -->\n<title>Katia Lorenzon\/portfolio\/Le Petit Duc - Fabricant de douceurs - D\u00e9couvreur de tr\u00e9sors - Katia Lorenzon<\/title>\n<meta name=\"robots\" content=\"index, follow, max-snippet:-1, max-image-preview:large, max-video-preview:-1\" \/>\n<link rel=\"canonical\" href=\"https:\/\/katialorenzon.com\/index.php\/katia-lorenzon-portfolio-le-petit-duc-fabricant-de-douceurs-decouvreur-de-tresors\/\" \/>\n<meta property=\"og:locale\" content=\"it_IT\" \/>\n<meta property=\"og:type\" content=\"article\" \/>\n<meta property=\"og:title\" content=\"Katia Lorenzon\/portfolio\/Le Petit Duc - Fabricant de douceurs - D\u00e9couvreur de tr\u00e9sors - Katia Lorenzon\" \/>\n<meta property=\"og:description\" content=\"Maison de biscuits et d\u2019autres merveilles artisanales, dont les l\u00e9gendaires calissons carr\u00e9s &#8211; avez-vous jamais go\u00fbt\u00e9 ceux \u00e0 la rose de damas ou au gingembre&#8230;\" \/>\n<meta property=\"og:url\" content=\"https:\/\/katialorenzon.com\/index.php\/katia-lorenzon-portfolio-le-petit-duc-fabricant-de-douceurs-decouvreur-de-tresors\/\" \/>\n<meta property=\"og:site_name\" content=\"Katia Lorenzon\" \/>\n<meta property=\"article:modified_time\" content=\"2022-01-23T18:53:45+00:00\" \/>\n<meta property=\"og:image\" content=\"http:\/\/katialorenzon.com\/wp-content\/uploads\/2017\/06\/01-le-petit-duc-mur_entree.jpg\" \/>\n<meta name=\"twitter:card\" content=\"summary\" \/>\n<meta name=\"twitter:label1\" content=\"Tempo di lettura stimato\" \/>\n\t<meta name=\"twitter:data1\" content=\"4 minuti\" \/>\n<script type=\"application\/ld+json\" class=\"yoast-schema-graph\">{\"@context\":\"https:\/\/schema.org\",\"@graph\":[{\"@type\":\"WebSite\",\"@id\":\"https:\/\/katialorenzon.com\/#website\",\"url\":\"https:\/\/katialorenzon.com\/\",\"name\":\"Katia Lorenzon\",\"description\":\"Design graphique et illustration\",\"potentialAction\":[{\"@type\":\"SearchAction\",\"target\":{\"@type\":\"EntryPoint\",\"urlTemplate\":\"https:\/\/katialorenzon.com\/?s={search_term_string}\"},\"query-input\":\"required name=search_term_string\"}],\"inLanguage\":\"it-IT\"},{\"@type\":\"ImageObject\",\"@id\":\"https:\/\/katialorenzon.com\/index.php\/katia-lorenzon-portfolio-le-petit-duc-fabricant-de-douceurs-decouvreur-de-tresors\/#primaryimage\",\"inLanguage\":\"it-IT\",\"url\":\"http:\/\/katialorenzon.com\/wp-content\/uploads\/2017\/06\/01-le-petit-duc-mur_entree.jpg\",\"contentUrl\":\"http:\/\/katialorenzon.com\/wp-content\/uploads\/2017\/06\/01-le-petit-duc-mur_entree.jpg\"},{\"@type\":\"WebPage\",\"@id\":\"https:\/\/katialorenzon.com\/index.php\/katia-lorenzon-portfolio-le-petit-duc-fabricant-de-douceurs-decouvreur-de-tresors\/#webpage\",\"url\":\"https:\/\/katialorenzon.com\/index.php\/katia-lorenzon-portfolio-le-petit-duc-fabricant-de-douceurs-decouvreur-de-tresors\/\",\"name\":\"Katia Lorenzon\/portfolio\/Le Petit Duc - Fabricant de douceurs - D\\u00e9couvreur de tr\\u00e9sors - Katia Lorenzon\",\"isPartOf\":{\"@id\":\"https:\/\/katialorenzon.com\/#website\"},\"primaryImageOfPage\":{\"@id\":\"https:\/\/katialorenzon.com\/index.php\/katia-lorenzon-portfolio-le-petit-duc-fabricant-de-douceurs-decouvreur-de-tresors\/#primaryimage\"},\"datePublished\":\"2017-06-19T16:56:32+00:00\",\"dateModified\":\"2022-01-23T18:53:45+00:00\",\"breadcrumb\":{\"@id\":\"https:\/\/katialorenzon.com\/index.php\/katia-lorenzon-portfolio-le-petit-duc-fabricant-de-douceurs-decouvreur-de-tresors\/#breadcrumb\"},\"inLanguage\":\"it-IT\",\"potentialAction\":[{\"@type\":\"ReadAction\",\"target\":[\"https:\/\/katialorenzon.com\/index.php\/katia-lorenzon-portfolio-le-petit-duc-fabricant-de-douceurs-decouvreur-de-tresors\/\"]}]},{\"@type\":\"BreadcrumbList\",\"@id\":\"https:\/\/katialorenzon.com\/index.php\/katia-lorenzon-portfolio-le-petit-duc-fabricant-de-douceurs-decouvreur-de-tresors\/#breadcrumb\",\"itemListElement\":[{\"@type\":\"ListItem\",\"position\":1,\"name\":\"Accueil\",\"item\":\"https:\/\/katialorenzon.com\/\"},{\"@type\":\"ListItem\",\"position\":2,\"name\":\"Katia Lorenzon\/portfolio\/Le Petit Duc &#8211; Fabricant de douceurs &#8211; D\\u00e9couvreur de tr\\u00e9sors\"}]}]}<\/script>\n<!-- \/ Yoast SEO plugin. -->","yoast_head_json":{"title":"Katia Lorenzon\/portfolio\/Le Petit Duc - Fabricant de douceurs - D\u00e9couvreur de tr\u00e9sors - Katia Lorenzon","robots":{"index":"index","follow":"follow","max-snippet":"max-snippet:-1","max-image-preview":"max-image-preview:large","max-video-preview":"max-video-preview:-1"},"canonical":"https:\/\/katialorenzon.com\/index.php\/katia-lorenzon-portfolio-le-petit-duc-fabricant-de-douceurs-decouvreur-de-tresors\/","og_locale":"it_IT","og_type":"article","og_title":"Katia Lorenzon\/portfolio\/Le Petit Duc - Fabricant de douceurs - D\u00e9couvreur de tr\u00e9sors - Katia Lorenzon","og_description":"Maison de biscuits et d\u2019autres merveilles artisanales, dont les l\u00e9gendaires calissons carr\u00e9s &#8211; avez-vous jamais go\u00fbt\u00e9 ceux \u00e0 la rose de damas ou au gingembre&#8230;","og_url":"https:\/\/katialorenzon.com\/index.php\/katia-lorenzon-portfolio-le-petit-duc-fabricant-de-douceurs-decouvreur-de-tresors\/","og_site_name":"Katia Lorenzon","article_modified_time":"2022-01-23T18:53:45+00:00","og_image":[{"url":"http:\/\/katialorenzon.com\/wp-content\/uploads\/2017\/06\/01-le-petit-duc-mur_entree.jpg"}],"twitter_card":"summary","twitter_misc":{"Tempo di lettura stimato":"4 minuti"},"schema":{"@context":"https:\/\/schema.org","@graph":[{"@type":"WebSite","@id":"https:\/\/katialorenzon.com\/#website","url":"https:\/\/katialorenzon.com\/","name":"Katia Lorenzon","description":"Design graphique et illustration","potentialAction":[{"@type":"SearchAction","target":{"@type":"EntryPoint","urlTemplate":"https:\/\/katialorenzon.com\/?s={search_term_string}"},"query-input":"required name=search_term_string"}],"inLanguage":"it-IT"},{"@type":"ImageObject","@id":"https:\/\/katialorenzon.com\/index.php\/katia-lorenzon-portfolio-le-petit-duc-fabricant-de-douceurs-decouvreur-de-tresors\/#primaryimage","inLanguage":"it-IT","url":"http:\/\/katialorenzon.com\/wp-content\/uploads\/2017\/06\/01-le-petit-duc-mur_entree.jpg","contentUrl":"http:\/\/katialorenzon.com\/wp-content\/uploads\/2017\/06\/01-le-petit-duc-mur_entree.jpg"},{"@type":"WebPage","@id":"https:\/\/katialorenzon.com\/index.php\/katia-lorenzon-portfolio-le-petit-duc-fabricant-de-douceurs-decouvreur-de-tresors\/#webpage","url":"https:\/\/katialorenzon.com\/index.php\/katia-lorenzon-portfolio-le-petit-duc-fabricant-de-douceurs-decouvreur-de-tresors\/","name":"Katia Lorenzon\/portfolio\/Le Petit Duc - Fabricant de douceurs - D\u00e9couvreur de tr\u00e9sors - Katia Lorenzon","isPartOf":{"@id":"https:\/\/katialorenzon.com\/#website"},"primaryImageOfPage":{"@id":"https:\/\/katialorenzon.com\/index.php\/katia-lorenzon-portfolio-le-petit-duc-fabricant-de-douceurs-decouvreur-de-tresors\/#primaryimage"},"datePublished":"2017-06-19T16:56:32+00:00","dateModified":"2022-01-23T18:53:45+00:00","breadcrumb":{"@id":"https:\/\/katialorenzon.com\/index.php\/katia-lorenzon-portfolio-le-petit-duc-fabricant-de-douceurs-decouvreur-de-tresors\/#breadcrumb"},"inLanguage":"it-IT","potentialAction":[{"@type":"ReadAction","target":["https:\/\/katialorenzon.com\/index.php\/katia-lorenzon-portfolio-le-petit-duc-fabricant-de-douceurs-decouvreur-de-tresors\/"]}]},{"@type":"BreadcrumbList","@id":"https:\/\/katialorenzon.com\/index.php\/katia-lorenzon-portfolio-le-petit-duc-fabricant-de-douceurs-decouvreur-de-tresors\/#breadcrumb","itemListElement":[{"@type":"ListItem","position":1,"name":"Accueil","item":"https:\/\/katialorenzon.com\/"},{"@type":"ListItem","position":2,"name":"Katia Lorenzon\/portfolio\/Le Petit Duc &#8211; Fabricant de douceurs &#8211; D\u00e9couvreur de tr\u00e9sors"}]}]}},"_links":{"self":[{"href":"https:\/\/katialorenzon.com\/index.php\/wp-json\/wp\/v2\/pages\/2021"}],"collection":[{"href":"https:\/\/katialorenzon.com\/index.php\/wp-json\/wp\/v2\/pages"}],"about":[{"href":"https:\/\/katialorenzon.com\/index.php\/wp-json\/wp\/v2\/types\/page"}],"author":[{"embeddable":true,"href":"https:\/\/katialorenzon.com\/index.php\/wp-json\/wp\/v2\/users\/1"}],"replies":[{"embeddable":true,"href":"https:\/\/katialorenzon.com\/index.php\/wp-json\/wp\/v2\/comments?post=2021"}],"version-history":[{"count":55,"href":"https:\/\/katialorenzon.com\/index.php\/wp-json\/wp\/v2\/pages\/2021\/revisions"}],"predecessor-version":[{"id":4393,"href":"https:\/\/katialorenzon.com\/index.php\/wp-json\/wp\/v2\/pages\/2021\/revisions\/4393"}],"wp:attachment":[{"href":"https:\/\/katialorenzon.com\/index.php\/wp-json\/wp\/v2\/media?parent=2021"}],"curies":[{"name":"wp","href":"https:\/\/api.w.org\/{rel}","templated":true}]}}