{"id":2484,"date":"2020-02-01T23:29:00","date_gmt":"2020-02-01T22:29:00","guid":{"rendered":"http:\/\/katialorenzon.com\/?page_id=2484"},"modified":"2022-01-23T20:00:13","modified_gmt":"2022-01-23T19:00:13","slug":"katia-lorenzonportfolioimpression-cartes-de-visite","status":"publish","type":"page","link":"https:\/\/katialorenzon.com\/index.php\/katia-lorenzonportfolioimpression-cartes-de-visite\/","title":{"rendered":"Katia Lorenzon\/portfolio\/Impression cartes de visite"},"content":{"rendered":"\n<p><strong>P<\/strong>endant une promenade solitaire,\u00a0j\u2019ai d\u00e9couvert, un jour, un imprimeur qui disposait d\u2019une belle gamme de papiers recycl\u00e9s. J\u2019ai pris le temps de regarder tout le catalogue, les tonalit\u00e9s neutres, d\u00e9j\u00e0, \u00e9taient extraordinairement riches en subtilit\u00e9 : lait, glace, blanc cass\u00e9, ivoire, cr\u00e8me, poudre, opale, \u00e9cru, coquille d\u2019\u0153uf, beige, taupe, tabac.<br><br>Nouvelle impression de cartes de visite professionnelles. Impression sur papier blanc cass\u00e9 chaud, gamme l\u00e9g\u00e8rement textur\u00e9e.\u00a0<em>Paris, 2018<\/em>.<\/p>\n\n\n\n<div class=\"wp-block-image\"><figure class=\"aligncenter size-full\"><img decoding=\"async\" loading=\"lazy\" width=\"1000\" height=\"750\" src=\"https:\/\/katialorenzon.com\/wp-content\/uploads\/2021\/12\/carte-de-visite-ensemble.jpg\" alt=\"\" class=\"wp-image-3504\" srcset=\"https:\/\/katialorenzon.com\/wp-content\/uploads\/2021\/12\/carte-de-visite-ensemble.jpg 1000w, https:\/\/katialorenzon.com\/wp-content\/uploads\/2021\/12\/carte-de-visite-ensemble-300x225.jpg 300w, https:\/\/katialorenzon.com\/wp-content\/uploads\/2021\/12\/carte-de-visite-ensemble-768x576.jpg 768w\" sizes=\"(max-width: 1000px) 100vw, 1000px\" \/><\/figure><\/div>\n\n\n\n<p><\/p>\n\n\n\n<div class=\"wp-block-image\"><figure class=\"aligncenter size-full\"><img decoding=\"async\" loading=\"lazy\" width=\"1000\" height=\"800\" src=\"https:\/\/katialorenzon.com\/wp-content\/uploads\/2021\/12\/carte-de-visite-et-outils.jpg\" alt=\"\" class=\"wp-image-3505\" srcset=\"https:\/\/katialorenzon.com\/wp-content\/uploads\/2021\/12\/carte-de-visite-et-outils.jpg 1000w, https:\/\/katialorenzon.com\/wp-content\/uploads\/2021\/12\/carte-de-visite-et-outils-300x240.jpg 300w, https:\/\/katialorenzon.com\/wp-content\/uploads\/2021\/12\/carte-de-visite-et-outils-768x614.jpg 768w\" sizes=\"(max-width: 1000px) 100vw, 1000px\" \/><\/figure><\/div>\n\n\n\n<p><\/p>\n\n\n\n<div class=\"wp-block-image\"><figure class=\"aligncenter size-full\"><img decoding=\"async\" loading=\"lazy\" width=\"1000\" height=\"800\" src=\"https:\/\/katialorenzon.com\/wp-content\/uploads\/2021\/12\/carte-de-visite-papier-et-texture.jpg\" alt=\"\" class=\"wp-image-3506\" srcset=\"https:\/\/katialorenzon.com\/wp-content\/uploads\/2021\/12\/carte-de-visite-papier-et-texture.jpg 1000w, https:\/\/katialorenzon.com\/wp-content\/uploads\/2021\/12\/carte-de-visite-papier-et-texture-300x240.jpg 300w, https:\/\/katialorenzon.com\/wp-content\/uploads\/2021\/12\/carte-de-visite-papier-et-texture-768x614.jpg 768w\" sizes=\"(max-width: 1000px) 100vw, 1000px\" \/><\/figure><\/div>\n","protected":false},"excerpt":{"rendered":"<p>Pendant une promenade solitaire,\u00a0j\u2019ai d\u00e9couvert, un jour, un imprimeur qui disposait d\u2019une belle gamme de papiers recycl\u00e9s. J\u2019ai pris le temps de regarder tout le&#8230;<\/p>\n<div class=\"more-link-wrapper\"><a class=\"more-link\" href=\"https:\/\/katialorenzon.com\/index.php\/katia-lorenzonportfolioimpression-cartes-de-visite\/\">zoom<span class=\"screen-reader-text\">Katia Lorenzon\/portfolio\/Impression cartes de visite<\/span><\/a><\/div>\n","protected":false},"author":1,"featured_media":0,"parent":0,"menu_order":0,"comment_status":"closed","ping_status":"closed","template":"","meta":{"footnotes":""},"yoast_head":"<!-- This site is optimized with the Yoast SEO plugin v17.7.1 - https:\/\/yoast.com\/wordpress\/plugins\/seo\/ -->\n<title>Katia Lorenzon\/portfolio\/Impression cartes de visite - Katia Lorenzon<\/title>\n<meta name=\"robots\" content=\"index, follow, max-snippet:-1, max-image-preview:large, max-video-preview:-1\" \/>\n<link rel=\"canonical\" href=\"https:\/\/katialorenzon.com\/index.php\/katia-lorenzonportfolioimpression-cartes-de-visite\/\" \/>\n<meta property=\"og:locale\" content=\"it_IT\" \/>\n<meta property=\"og:type\" content=\"article\" \/>\n<meta property=\"og:title\" content=\"Katia Lorenzon\/portfolio\/Impression cartes de visite - Katia Lorenzon\" \/>\n<meta property=\"og:description\" content=\"Pendant une promenade solitaire,\u00a0j\u2019ai d\u00e9couvert, un jour, un imprimeur qui disposait d\u2019une belle gamme de papiers recycl\u00e9s. J\u2019ai pris le temps de regarder tout le&#8230;\" \/>\n<meta property=\"og:url\" content=\"https:\/\/katialorenzon.com\/index.php\/katia-lorenzonportfolioimpression-cartes-de-visite\/\" \/>\n<meta property=\"og:site_name\" content=\"Katia Lorenzon\" \/>\n<meta property=\"article:modified_time\" content=\"2022-01-23T19:00:13+00:00\" \/>\n<meta property=\"og:image\" content=\"http:\/\/katialorenzon.com\/wp-content\/uploads\/2021\/12\/carte-de-visite-ensemble.jpg\" \/>\n<meta name=\"twitter:card\" content=\"summary\" \/>\n<meta name=\"twitter:label1\" content=\"Tempo di lettura stimato\" \/>\n\t<meta name=\"twitter:data1\" content=\"1 minuto\" \/>\n<script type=\"application\/ld+json\" class=\"yoast-schema-graph\">{\"@context\":\"https:\/\/schema.org\",\"@graph\":[{\"@type\":\"WebSite\",\"@id\":\"https:\/\/katialorenzon.com\/#website\",\"url\":\"https:\/\/katialorenzon.com\/\",\"name\":\"Katia Lorenzon\",\"description\":\"Design graphique et illustration\",\"potentialAction\":[{\"@type\":\"SearchAction\",\"target\":{\"@type\":\"EntryPoint\",\"urlTemplate\":\"https:\/\/katialorenzon.com\/?s={search_term_string}\"},\"query-input\":\"required name=search_term_string\"}],\"inLanguage\":\"it-IT\"},{\"@type\":\"ImageObject\",\"@id\":\"https:\/\/katialorenzon.com\/index.php\/katia-lorenzonportfolioimpression-cartes-de-visite\/#primaryimage\",\"inLanguage\":\"it-IT\",\"url\":\"http:\/\/katialorenzon.com\/wp-content\/uploads\/2021\/12\/carte-de-visite-ensemble.jpg\",\"contentUrl\":\"http:\/\/katialorenzon.com\/wp-content\/uploads\/2021\/12\/carte-de-visite-ensemble.jpg\"},{\"@type\":\"WebPage\",\"@id\":\"https:\/\/katialorenzon.com\/index.php\/katia-lorenzonportfolioimpression-cartes-de-visite\/#webpage\",\"url\":\"https:\/\/katialorenzon.com\/index.php\/katia-lorenzonportfolioimpression-cartes-de-visite\/\",\"name\":\"Katia Lorenzon\/portfolio\/Impression cartes de visite - Katia Lorenzon\",\"isPartOf\":{\"@id\":\"https:\/\/katialorenzon.com\/#website\"},\"primaryImageOfPage\":{\"@id\":\"https:\/\/katialorenzon.com\/index.php\/katia-lorenzonportfolioimpression-cartes-de-visite\/#primaryimage\"},\"datePublished\":\"2020-02-01T22:29:00+00:00\",\"dateModified\":\"2022-01-23T19:00:13+00:00\",\"breadcrumb\":{\"@id\":\"https:\/\/katialorenzon.com\/index.php\/katia-lorenzonportfolioimpression-cartes-de-visite\/#breadcrumb\"},\"inLanguage\":\"it-IT\",\"potentialAction\":[{\"@type\":\"ReadAction\",\"target\":[\"https:\/\/katialorenzon.com\/index.php\/katia-lorenzonportfolioimpression-cartes-de-visite\/\"]}]},{\"@type\":\"BreadcrumbList\",\"@id\":\"https:\/\/katialorenzon.com\/index.php\/katia-lorenzonportfolioimpression-cartes-de-visite\/#breadcrumb\",\"itemListElement\":[{\"@type\":\"ListItem\",\"position\":1,\"name\":\"Accueil\",\"item\":\"https:\/\/katialorenzon.com\/\"},{\"@type\":\"ListItem\",\"position\":2,\"name\":\"Katia Lorenzon\/portfolio\/Impression cartes de visite\"}]}]}<\/script>\n<!-- \/ Yoast SEO plugin. -->","yoast_head_json":{"title":"Katia Lorenzon\/portfolio\/Impression cartes de visite - Katia Lorenzon","robots":{"index":"index","follow":"follow","max-snippet":"max-snippet:-1","max-image-preview":"max-image-preview:large","max-video-preview":"max-video-preview:-1"},"canonical":"https:\/\/katialorenzon.com\/index.php\/katia-lorenzonportfolioimpression-cartes-de-visite\/","og_locale":"it_IT","og_type":"article","og_title":"Katia Lorenzon\/portfolio\/Impression cartes de visite - Katia Lorenzon","og_description":"Pendant une promenade solitaire,\u00a0j\u2019ai d\u00e9couvert, un jour, un imprimeur qui disposait d\u2019une belle gamme de papiers recycl\u00e9s. J\u2019ai pris le temps de regarder tout le&#8230;","og_url":"https:\/\/katialorenzon.com\/index.php\/katia-lorenzonportfolioimpression-cartes-de-visite\/","og_site_name":"Katia Lorenzon","article_modified_time":"2022-01-23T19:00:13+00:00","og_image":[{"url":"http:\/\/katialorenzon.com\/wp-content\/uploads\/2021\/12\/carte-de-visite-ensemble.jpg"}],"twitter_card":"summary","twitter_misc":{"Tempo di lettura stimato":"1 minuto"},"schema":{"@context":"https:\/\/schema.org","@graph":[{"@type":"WebSite","@id":"https:\/\/katialorenzon.com\/#website","url":"https:\/\/katialorenzon.com\/","name":"Katia Lorenzon","description":"Design graphique et illustration","potentialAction":[{"@type":"SearchAction","target":{"@type":"EntryPoint","urlTemplate":"https:\/\/katialorenzon.com\/?s={search_term_string}"},"query-input":"required name=search_term_string"}],"inLanguage":"it-IT"},{"@type":"ImageObject","@id":"https:\/\/katialorenzon.com\/index.php\/katia-lorenzonportfolioimpression-cartes-de-visite\/#primaryimage","inLanguage":"it-IT","url":"http:\/\/katialorenzon.com\/wp-content\/uploads\/2021\/12\/carte-de-visite-ensemble.jpg","contentUrl":"http:\/\/katialorenzon.com\/wp-content\/uploads\/2021\/12\/carte-de-visite-ensemble.jpg"},{"@type":"WebPage","@id":"https:\/\/katialorenzon.com\/index.php\/katia-lorenzonportfolioimpression-cartes-de-visite\/#webpage","url":"https:\/\/katialorenzon.com\/index.php\/katia-lorenzonportfolioimpression-cartes-de-visite\/","name":"Katia Lorenzon\/portfolio\/Impression cartes de visite - Katia Lorenzon","isPartOf":{"@id":"https:\/\/katialorenzon.com\/#website"},"primaryImageOfPage":{"@id":"https:\/\/katialorenzon.com\/index.php\/katia-lorenzonportfolioimpression-cartes-de-visite\/#primaryimage"},"datePublished":"2020-02-01T22:29:00+00:00","dateModified":"2022-01-23T19:00:13+00:00","breadcrumb":{"@id":"https:\/\/katialorenzon.com\/index.php\/katia-lorenzonportfolioimpression-cartes-de-visite\/#breadcrumb"},"inLanguage":"it-IT","potentialAction":[{"@type":"ReadAction","target":["https:\/\/katialorenzon.com\/index.php\/katia-lorenzonportfolioimpression-cartes-de-visite\/"]}]},{"@type":"BreadcrumbList","@id":"https:\/\/katialorenzon.com\/index.php\/katia-lorenzonportfolioimpression-cartes-de-visite\/#breadcrumb","itemListElement":[{"@type":"ListItem","position":1,"name":"Accueil","item":"https:\/\/katialorenzon.com\/"},{"@type":"ListItem","position":2,"name":"Katia Lorenzon\/portfolio\/Impression cartes de visite"}]}]}},"_links":{"self":[{"href":"https:\/\/katialorenzon.com\/index.php\/wp-json\/wp\/v2\/pages\/2484"}],"collection":[{"href":"https:\/\/katialorenzon.com\/index.php\/wp-json\/wp\/v2\/pages"}],"about":[{"href":"https:\/\/katialorenzon.com\/index.php\/wp-json\/wp\/v2\/types\/page"}],"author":[{"embeddable":true,"href":"https:\/\/katialorenzon.com\/index.php\/wp-json\/wp\/v2\/users\/1"}],"replies":[{"embeddable":true,"href":"https:\/\/katialorenzon.com\/index.php\/wp-json\/wp\/v2\/comments?post=2484"}],"version-history":[{"count":17,"href":"https:\/\/katialorenzon.com\/index.php\/wp-json\/wp\/v2\/pages\/2484\/revisions"}],"predecessor-version":[{"id":4400,"href":"https:\/\/katialorenzon.com\/index.php\/wp-json\/wp\/v2\/pages\/2484\/revisions\/4400"}],"wp:attachment":[{"href":"https:\/\/katialorenzon.com\/index.php\/wp-json\/wp\/v2\/media?parent=2484"}],"curies":[{"name":"wp","href":"https:\/\/api.w.org\/{rel}","templated":true}]}}