{"id":589,"date":"2016-10-17T12:46:32","date_gmt":"2016-10-17T10:46:32","guid":{"rendered":"http:\/\/katialorenzon.com\/?page_id=589"},"modified":"2025-11-25T23:39:42","modified_gmt":"2025-11-25T22:39:42","slug":"portfolio-souris","status":"publish","type":"page","link":"https:\/\/katialorenzon.com\/index.php\/portfolio-souris\/","title":{"rendered":"Katia Lorenzon\/portfolio\/Souris"},"content":{"rendered":"\n<p><span class=\"s1\"><b>D<\/b>esign graphique, personnages\u00a0et\u00a0animation du \u201c<b>Mini Show<\/b>\u201c, spot ludique de 30 secondes r\u00e9alis\u00e9 en techniques num\u00e9riques 2d. <\/span><br><span class=\"s1\">Pour une vision sur youtube : .<\/span><a href=\"https:\/\/www.youtube.com\/shorts\/2t81rpCAXX4\">https:\/\/www.youtube.com\/shorts\/2t81rpCAXX4<\/a>. <span class=\"s1\"><i>Paris, 2013<\/i><\/span>.<\/p>\n\n\n<div class=\"wp-block-image is-style-default\">\n<figure class=\"aligncenter\"><img decoding=\"async\" loading=\"lazy\" width=\"776\" height=\"800\" src=\"https:\/\/katialorenzon.com\/wp-content\/uploads\/2016\/10\/court-metrage-souris-debut-katia-lorenzon-1.jpg\" alt=\"court-metrage-souris-debut-katia-lorenzon\" class=\"wp-image-590\" style=\"aspect-ratio:0.97;object-fit:cover\" srcset=\"https:\/\/katialorenzon.com\/wp-content\/uploads\/2016\/10\/court-metrage-souris-debut-katia-lorenzon-1.jpg 776w, https:\/\/katialorenzon.com\/wp-content\/uploads\/2016\/10\/court-metrage-souris-debut-katia-lorenzon-1-291x300.jpg 291w, https:\/\/katialorenzon.com\/wp-content\/uploads\/2016\/10\/court-metrage-souris-debut-katia-lorenzon-1-768x792.jpg 768w\" sizes=\"(max-width: 776px) 100vw, 776px\" \/><\/figure><\/div>\n\n\n<p><\/p>\n\n\n\n<p><\/p>\n\n\n<div class=\"wp-block-image is-style-default\">\n<figure class=\"aligncenter\"><img decoding=\"async\" loading=\"lazy\" width=\"776\" height=\"800\" src=\"https:\/\/katialorenzon.com\/wp-content\/uploads\/2016\/10\/print-souris-monocycle-katia-lorenzon.jpg\" alt=\"print-souris-monocycle-katia-lorenzon\" class=\"wp-image-594\" srcset=\"https:\/\/katialorenzon.com\/wp-content\/uploads\/2016\/10\/print-souris-monocycle-katia-lorenzon.jpg 776w, https:\/\/katialorenzon.com\/wp-content\/uploads\/2016\/10\/print-souris-monocycle-katia-lorenzon-291x300.jpg 291w, https:\/\/katialorenzon.com\/wp-content\/uploads\/2016\/10\/print-souris-monocycle-katia-lorenzon-768x792.jpg 768w\" sizes=\"(max-width: 776px) 100vw, 776px\" \/><\/figure><\/div>\n\n\n<p><\/p>\n\n\n\n<p><\/p>\n\n\n<div class=\"wp-block-image is-style-default\">\n<figure class=\"aligncenter\"><img decoding=\"async\" loading=\"lazy\" width=\"776\" height=\"800\" src=\"https:\/\/katialorenzon.com\/wp-content\/uploads\/2016\/10\/print-souris-pyramide-katia-lorenzon-1.jpg\" alt=\"print-souris-pyramide-katia-lorenzon\" class=\"wp-image-596\" srcset=\"https:\/\/katialorenzon.com\/wp-content\/uploads\/2016\/10\/print-souris-pyramide-katia-lorenzon-1.jpg 776w, https:\/\/katialorenzon.com\/wp-content\/uploads\/2016\/10\/print-souris-pyramide-katia-lorenzon-1-291x300.jpg 291w, https:\/\/katialorenzon.com\/wp-content\/uploads\/2016\/10\/print-souris-pyramide-katia-lorenzon-1-768x792.jpg 768w\" sizes=\"(max-width: 776px) 100vw, 776px\" \/><\/figure><\/div>\n\n\n<p><\/p>\n\n\n\n<p><\/p>\n\n\n<div class=\"wp-block-image is-style-default\">\n<figure class=\"aligncenter\"><img decoding=\"async\" loading=\"lazy\" width=\"776\" height=\"800\" src=\"https:\/\/katialorenzon.com\/wp-content\/uploads\/2016\/10\/court-metrage-souris-generiques-katia-lorenzon.jpg\" alt=\"court-metrage-souris-generiques-katia-lorenzon\" class=\"wp-image-591\" srcset=\"https:\/\/katialorenzon.com\/wp-content\/uploads\/2016\/10\/court-metrage-souris-generiques-katia-lorenzon.jpg 776w, https:\/\/katialorenzon.com\/wp-content\/uploads\/2016\/10\/court-metrage-souris-generiques-katia-lorenzon-291x300.jpg 291w, https:\/\/katialorenzon.com\/wp-content\/uploads\/2016\/10\/court-metrage-souris-generiques-katia-lorenzon-768x792.jpg 768w\" sizes=\"(max-width: 776px) 100vw, 776px\" \/><\/figure><\/div>","protected":false},"excerpt":{"rendered":"<p>Design graphique, personnages\u00a0et\u00a0animation du \u201cMini Show\u201c, spot ludique de 30 secondes r\u00e9alis\u00e9 en techniques num\u00e9riques 2d. Pour une vision sur youtube : .https:\/\/www.youtube.com\/shorts\/2t81rpCAXX4. Paris, 2013.<\/p>\n","protected":false},"author":1,"featured_media":0,"parent":0,"menu_order":0,"comment_status":"closed","ping_status":"closed","template":"","meta":{"footnotes":""},"yoast_head":"<!-- This site is optimized with the Yoast SEO plugin v17.7.1 - https:\/\/yoast.com\/wordpress\/plugins\/seo\/ -->\n<title>Katia Lorenzon\/portfolio\/Souris - Katia Lorenzon<\/title>\n<meta name=\"robots\" content=\"index, follow, max-snippet:-1, max-image-preview:large, max-video-preview:-1\" \/>\n<link rel=\"canonical\" href=\"https:\/\/katialorenzon.com\/index.php\/portfolio-souris\/\" \/>\n<meta property=\"og:locale\" content=\"it_IT\" \/>\n<meta property=\"og:type\" content=\"article\" \/>\n<meta property=\"og:title\" content=\"Katia Lorenzon\/portfolio\/Souris - Katia Lorenzon\" \/>\n<meta property=\"og:description\" content=\"Design graphique, personnages\u00a0et\u00a0animation du \u201cMini Show\u201c, spot ludique de 30 secondes r\u00e9alis\u00e9 en techniques num\u00e9riques 2d. Pour une vision sur youtube : .https:\/\/www.youtube.com\/shorts\/2t81rpCAXX4. Paris, 2013.\" \/>\n<meta property=\"og:url\" content=\"https:\/\/katialorenzon.com\/index.php\/portfolio-souris\/\" \/>\n<meta property=\"og:site_name\" content=\"Katia Lorenzon\" \/>\n<meta property=\"article:modified_time\" content=\"2025-11-25T22:39:42+00:00\" \/>\n<meta property=\"og:image\" content=\"http:\/\/katialorenzon.com\/wp-content\/uploads\/2016\/10\/court-metrage-souris-debut-katia-lorenzon-1.jpg\" \/>\n<meta name=\"twitter:card\" content=\"summary\" \/>\n<meta name=\"twitter:label1\" content=\"Tempo di lettura stimato\" \/>\n\t<meta name=\"twitter:data1\" content=\"1 minuto\" \/>\n<script type=\"application\/ld+json\" class=\"yoast-schema-graph\">{\"@context\":\"https:\/\/schema.org\",\"@graph\":[{\"@type\":\"WebSite\",\"@id\":\"https:\/\/katialorenzon.com\/#website\",\"url\":\"https:\/\/katialorenzon.com\/\",\"name\":\"Katia Lorenzon\",\"description\":\"Design graphique et illustration\",\"potentialAction\":[{\"@type\":\"SearchAction\",\"target\":{\"@type\":\"EntryPoint\",\"urlTemplate\":\"https:\/\/katialorenzon.com\/?s={search_term_string}\"},\"query-input\":\"required name=search_term_string\"}],\"inLanguage\":\"it-IT\"},{\"@type\":\"ImageObject\",\"@id\":\"https:\/\/katialorenzon.com\/index.php\/portfolio-souris\/#primaryimage\",\"inLanguage\":\"it-IT\",\"url\":\"http:\/\/katialorenzon.com\/wp-content\/uploads\/2016\/10\/court-metrage-souris-debut-katia-lorenzon-1.jpg\",\"contentUrl\":\"http:\/\/katialorenzon.com\/wp-content\/uploads\/2016\/10\/court-metrage-souris-debut-katia-lorenzon-1.jpg\"},{\"@type\":\"WebPage\",\"@id\":\"https:\/\/katialorenzon.com\/index.php\/portfolio-souris\/#webpage\",\"url\":\"https:\/\/katialorenzon.com\/index.php\/portfolio-souris\/\",\"name\":\"Katia Lorenzon\/portfolio\/Souris - Katia Lorenzon\",\"isPartOf\":{\"@id\":\"https:\/\/katialorenzon.com\/#website\"},\"primaryImageOfPage\":{\"@id\":\"https:\/\/katialorenzon.com\/index.php\/portfolio-souris\/#primaryimage\"},\"datePublished\":\"2016-10-17T10:46:32+00:00\",\"dateModified\":\"2025-11-25T22:39:42+00:00\",\"breadcrumb\":{\"@id\":\"https:\/\/katialorenzon.com\/index.php\/portfolio-souris\/#breadcrumb\"},\"inLanguage\":\"it-IT\",\"potentialAction\":[{\"@type\":\"ReadAction\",\"target\":[\"https:\/\/katialorenzon.com\/index.php\/portfolio-souris\/\"]}]},{\"@type\":\"BreadcrumbList\",\"@id\":\"https:\/\/katialorenzon.com\/index.php\/portfolio-souris\/#breadcrumb\",\"itemListElement\":[{\"@type\":\"ListItem\",\"position\":1,\"name\":\"Accueil\",\"item\":\"https:\/\/katialorenzon.com\/\"},{\"@type\":\"ListItem\",\"position\":2,\"name\":\"Katia Lorenzon\/portfolio\/Souris\"}]}]}<\/script>\n<!-- \/ Yoast SEO plugin. -->","yoast_head_json":{"title":"Katia Lorenzon\/portfolio\/Souris - Katia Lorenzon","robots":{"index":"index","follow":"follow","max-snippet":"max-snippet:-1","max-image-preview":"max-image-preview:large","max-video-preview":"max-video-preview:-1"},"canonical":"https:\/\/katialorenzon.com\/index.php\/portfolio-souris\/","og_locale":"it_IT","og_type":"article","og_title":"Katia Lorenzon\/portfolio\/Souris - Katia Lorenzon","og_description":"Design graphique, personnages\u00a0et\u00a0animation du \u201cMini Show\u201c, spot ludique de 30 secondes r\u00e9alis\u00e9 en techniques num\u00e9riques 2d. Pour une vision sur youtube : .https:\/\/www.youtube.com\/shorts\/2t81rpCAXX4. Paris, 2013.","og_url":"https:\/\/katialorenzon.com\/index.php\/portfolio-souris\/","og_site_name":"Katia Lorenzon","article_modified_time":"2025-11-25T22:39:42+00:00","og_image":[{"url":"http:\/\/katialorenzon.com\/wp-content\/uploads\/2016\/10\/court-metrage-souris-debut-katia-lorenzon-1.jpg"}],"twitter_card":"summary","twitter_misc":{"Tempo di lettura stimato":"1 minuto"},"schema":{"@context":"https:\/\/schema.org","@graph":[{"@type":"WebSite","@id":"https:\/\/katialorenzon.com\/#website","url":"https:\/\/katialorenzon.com\/","name":"Katia Lorenzon","description":"Design graphique et illustration","potentialAction":[{"@type":"SearchAction","target":{"@type":"EntryPoint","urlTemplate":"https:\/\/katialorenzon.com\/?s={search_term_string}"},"query-input":"required name=search_term_string"}],"inLanguage":"it-IT"},{"@type":"ImageObject","@id":"https:\/\/katialorenzon.com\/index.php\/portfolio-souris\/#primaryimage","inLanguage":"it-IT","url":"http:\/\/katialorenzon.com\/wp-content\/uploads\/2016\/10\/court-metrage-souris-debut-katia-lorenzon-1.jpg","contentUrl":"http:\/\/katialorenzon.com\/wp-content\/uploads\/2016\/10\/court-metrage-souris-debut-katia-lorenzon-1.jpg"},{"@type":"WebPage","@id":"https:\/\/katialorenzon.com\/index.php\/portfolio-souris\/#webpage","url":"https:\/\/katialorenzon.com\/index.php\/portfolio-souris\/","name":"Katia Lorenzon\/portfolio\/Souris - Katia Lorenzon","isPartOf":{"@id":"https:\/\/katialorenzon.com\/#website"},"primaryImageOfPage":{"@id":"https:\/\/katialorenzon.com\/index.php\/portfolio-souris\/#primaryimage"},"datePublished":"2016-10-17T10:46:32+00:00","dateModified":"2025-11-25T22:39:42+00:00","breadcrumb":{"@id":"https:\/\/katialorenzon.com\/index.php\/portfolio-souris\/#breadcrumb"},"inLanguage":"it-IT","potentialAction":[{"@type":"ReadAction","target":["https:\/\/katialorenzon.com\/index.php\/portfolio-souris\/"]}]},{"@type":"BreadcrumbList","@id":"https:\/\/katialorenzon.com\/index.php\/portfolio-souris\/#breadcrumb","itemListElement":[{"@type":"ListItem","position":1,"name":"Accueil","item":"https:\/\/katialorenzon.com\/"},{"@type":"ListItem","position":2,"name":"Katia Lorenzon\/portfolio\/Souris"}]}]}},"_links":{"self":[{"href":"https:\/\/katialorenzon.com\/index.php\/wp-json\/wp\/v2\/pages\/589"}],"collection":[{"href":"https:\/\/katialorenzon.com\/index.php\/wp-json\/wp\/v2\/pages"}],"about":[{"href":"https:\/\/katialorenzon.com\/index.php\/wp-json\/wp\/v2\/types\/page"}],"author":[{"embeddable":true,"href":"https:\/\/katialorenzon.com\/index.php\/wp-json\/wp\/v2\/users\/1"}],"replies":[{"embeddable":true,"href":"https:\/\/katialorenzon.com\/index.php\/wp-json\/wp\/v2\/comments?post=589"}],"version-history":[{"count":26,"href":"https:\/\/katialorenzon.com\/index.php\/wp-json\/wp\/v2\/pages\/589\/revisions"}],"predecessor-version":[{"id":4865,"href":"https:\/\/katialorenzon.com\/index.php\/wp-json\/wp\/v2\/pages\/589\/revisions\/4865"}],"wp:attachment":[{"href":"https:\/\/katialorenzon.com\/index.php\/wp-json\/wp\/v2\/media?parent=589"}],"curies":[{"name":"wp","href":"https:\/\/api.w.org\/{rel}","templated":true}]}}