{"id":630,"date":"2016-10-17T12:57:46","date_gmt":"2016-10-17T10:57:46","guid":{"rendered":"http:\/\/katialorenzon.com\/?page_id=630"},"modified":"2022-01-23T23:00:59","modified_gmt":"2022-01-23T22:00:59","slug":"portfolio-maskott-story","status":"publish","type":"page","link":"https:\/\/katialorenzon.com\/index.php\/portfolio-maskott-story\/","title":{"rendered":"Katia Lorenzon\/portfolio\/Maskott &#8211; Storyboard"},"content":{"rendered":"<p class=\"p1\"><span class=\"s1\"><b>S<\/b>toryboard pour\u00a0\u201c<i>Les aventures fantastiques de Max\u00b2<\/i>\u201d, application didactique-ludique pour l\u2019apprentissage des math\u00e9matiques dans les \u00e9coles. R\u00e9alisation dans le cadre du projet Tactileo, qui s\u2019int\u00e9resse \u00e0 l\u2019introduction d\u2019outils p\u00e9dagogiques tels que les tablettes et les \u00e9crans tactiles de grand format dans les classes.<\/p>\n<p>Pour ce projet, j\u2019ai con\u00e7u \u00e9galement tout l\u2019univers visuel : character design, d\u00e9cor design, narration visuelle, ainsi que les interfaces graphiques des jeux. En bin\u00f4me avec le game designer George Kalmpourtzis.<br \/>\nSoci\u00e9t\u00e9 <a href=\"https:\/\/www.maskott.com\/\"><span class=\"s2\"><b>Maskott<\/b><\/span><\/a>, en partenariat avec l\u2019<b>\u00c9ducation nationale<\/b>.\u00a0<i>Paris<\/i>\/<i>Le-Puy-en-Velay 2014.<\/i><\/span><\/p>\n<div id=\"metaslider-id-1871\" style=\"max-width: 800px; margin: 0 auto;\" class=\"ml-slider-3-33-0 metaslider metaslider-nivo metaslider-1871 ml-slider ms-theme-default\" role=\"region\" aria-roledescription=\"Slideshow\" aria-label=\"Slideshow\">\n    <div id=\"metaslider_container_1871\">\n        <div class='slider-wrapper theme-default'><div class='ribbon'><\/div><div id='metaslider_1871' class='nivoSlider'><img src=\"https:\/\/katialorenzon.com\/wp-content\/uploads\/2016\/10\/maskott-storyboard-01.jpg\" height=\"230\" width=\"800\" alt=\"\" class=\"slider-1871 slide-1851\" \/><img src=\"https:\/\/katialorenzon.com\/wp-content\/uploads\/2016\/10\/maskott-storyboard-02-katia-lorenzon.jpg\" height=\"230\" width=\"800\" alt=\"\" class=\"slider-1871 slide-1852\" \/><img src=\"https:\/\/katialorenzon.com\/wp-content\/uploads\/2016\/10\/maskott-storyboard-03.jpg\" height=\"230\" width=\"800\" alt=\"\" class=\"slider-1871 slide-1853\" \/><img src=\"https:\/\/katialorenzon.com\/wp-content\/uploads\/2016\/10\/maskott-storyboard-04.jpg\" height=\"230\" width=\"800\" alt=\"\" class=\"slider-1871 slide-1854\" \/><img src=\"https:\/\/katialorenzon.com\/wp-content\/uploads\/2016\/10\/maskott-storyboard-06-katia-lorenzon.jpg\" height=\"230\" width=\"800\" alt=\"\" class=\"slider-1871 slide-1856\" \/><img src=\"https:\/\/katialorenzon.com\/wp-content\/uploads\/2016\/10\/maskott-storyboard-05.jpg\" height=\"230\" width=\"800\" alt=\"\" class=\"slider-1871 slide-1855\" \/><img src=\"https:\/\/katialorenzon.com\/wp-content\/uploads\/2016\/10\/maskott-storyboard-07.jpg\" height=\"230\" width=\"800\" alt=\"\" class=\"slider-1871 slide-1857\" \/><img src=\"https:\/\/katialorenzon.com\/wp-content\/uploads\/2016\/10\/maskott-storyboard-08.jpg\" height=\"230\" width=\"800\" alt=\"\" class=\"slider-1871 slide-1858\" \/><img src=\"https:\/\/katialorenzon.com\/wp-content\/uploads\/2016\/10\/maskott-storyboard-09.jpg\" height=\"230\" width=\"800\" alt=\"\" class=\"slider-1871 slide-1859\" \/><img src=\"https:\/\/katialorenzon.com\/wp-content\/uploads\/2016\/10\/maskott-storyboard-10.jpg\" height=\"230\" width=\"800\" alt=\"\" class=\"slider-1871 slide-1860\" \/><img src=\"https:\/\/katialorenzon.com\/wp-content\/uploads\/2016\/10\/maskott-storyboard-12.jpg\" height=\"230\" width=\"800\" alt=\"\" class=\"slider-1871 slide-1862\" \/><img src=\"https:\/\/katialorenzon.com\/wp-content\/uploads\/2016\/10\/maskott-storyboard-11.jpg\" height=\"230\" width=\"800\" alt=\"\" class=\"slider-1871 slide-1861\" \/><img src=\"https:\/\/katialorenzon.com\/wp-content\/uploads\/2016\/10\/maskott-storyboard-13.jpg\" height=\"230\" width=\"800\" alt=\"\" class=\"slider-1871 slide-1863\" \/><img src=\"https:\/\/katialorenzon.com\/wp-content\/uploads\/2016\/10\/maskott-storyboard-14.jpg\" height=\"230\" width=\"800\" alt=\"\" class=\"slider-1871 slide-1864\" \/><img src=\"https:\/\/katialorenzon.com\/wp-content\/uploads\/2016\/10\/maskott-storyboard-15.jpg\" height=\"230\" width=\"800\" alt=\"\" class=\"slider-1871 slide-1865\" \/><img src=\"https:\/\/katialorenzon.com\/wp-content\/uploads\/2016\/10\/maskott-storyboard-16.jpg\" height=\"230\" width=\"800\" alt=\"\" class=\"slider-1871 slide-1866\" \/><img src=\"https:\/\/katialorenzon.com\/wp-content\/uploads\/2016\/10\/maskott-storyboard-17.jpg\" height=\"230\" width=\"800\" alt=\"\" class=\"slider-1871 slide-1867\" \/><img src=\"https:\/\/katialorenzon.com\/wp-content\/uploads\/2016\/10\/maskott-storyboard-18.jpg\" height=\"230\" width=\"800\" alt=\"\" class=\"slider-1871 slide-1868\" \/><img src=\"https:\/\/katialorenzon.com\/wp-content\/uploads\/2016\/10\/maskott-storyboard-19.jpg\" height=\"230\" width=\"800\" alt=\"\" class=\"slider-1871 slide-1869\" \/><img src=\"https:\/\/katialorenzon.com\/wp-content\/uploads\/2016\/10\/maskott-storyboard-20.jpg\" height=\"230\" width=\"800\" alt=\"\" class=\"slider-1871 slide-1870\" \/><\/div><\/div>\n        \n    <\/div>\n<\/div>\n<p>Pour voir la r\u00e9alisation de ce projet, <a href=\"https:\/\/katialorenzon.com\/index.php\/portfolio-maskott-projet-tactileo\/\">cliquez ici<\/a>.<\/p>\n","protected":false},"excerpt":{"rendered":"<p>Storyboard pour\u00a0\u201cLes aventures fantastiques de Max\u00b2\u201d, application didactique-ludique pour l\u2019apprentissage des math\u00e9matiques dans les \u00e9coles. R\u00e9alisation dans le cadre du projet Tactileo, qui s\u2019int\u00e9resse \u00e0&#8230;<\/p>\n<div class=\"more-link-wrapper\"><a class=\"more-link\" href=\"https:\/\/katialorenzon.com\/index.php\/portfolio-maskott-story\/\">zoom<span class=\"screen-reader-text\">Katia Lorenzon\/portfolio\/Maskott &#8211; Storyboard<\/span><\/a><\/div>\n","protected":false},"author":1,"featured_media":0,"parent":0,"menu_order":0,"comment_status":"closed","ping_status":"closed","template":"","meta":{"footnotes":""},"yoast_head":"<!-- This site is optimized with the Yoast SEO plugin v17.7.1 - https:\/\/yoast.com\/wordpress\/plugins\/seo\/ -->\n<title>Katia Lorenzon\/portfolio\/Maskott - Storyboard - Katia Lorenzon<\/title>\n<meta name=\"robots\" content=\"index, follow, max-snippet:-1, max-image-preview:large, max-video-preview:-1\" \/>\n<link rel=\"canonical\" href=\"https:\/\/katialorenzon.com\/index.php\/portfolio-maskott-story\/\" \/>\n<meta property=\"og:locale\" content=\"it_IT\" \/>\n<meta property=\"og:type\" content=\"article\" \/>\n<meta property=\"og:title\" content=\"Katia Lorenzon\/portfolio\/Maskott - Storyboard - Katia Lorenzon\" \/>\n<meta property=\"og:description\" content=\"Storyboard pour\u00a0\u201cLes aventures fantastiques de Max\u00b2\u201d, application didactique-ludique pour l\u2019apprentissage des math\u00e9matiques dans les \u00e9coles. R\u00e9alisation dans le cadre du projet Tactileo, qui s\u2019int\u00e9resse \u00e0&#8230;\" \/>\n<meta property=\"og:url\" content=\"https:\/\/katialorenzon.com\/index.php\/portfolio-maskott-story\/\" \/>\n<meta property=\"og:site_name\" content=\"Katia Lorenzon\" \/>\n<meta property=\"article:modified_time\" content=\"2022-01-23T22:00:59+00:00\" \/>\n<meta name=\"twitter:card\" content=\"summary\" \/>\n<meta name=\"twitter:label1\" content=\"Tempo di lettura stimato\" \/>\n\t<meta name=\"twitter:data1\" content=\"1 minuto\" \/>\n<script type=\"application\/ld+json\" class=\"yoast-schema-graph\">{\"@context\":\"https:\/\/schema.org\",\"@graph\":[{\"@type\":\"WebSite\",\"@id\":\"https:\/\/katialorenzon.com\/#website\",\"url\":\"https:\/\/katialorenzon.com\/\",\"name\":\"Katia Lorenzon\",\"description\":\"Design graphique et illustration\",\"potentialAction\":[{\"@type\":\"SearchAction\",\"target\":{\"@type\":\"EntryPoint\",\"urlTemplate\":\"https:\/\/katialorenzon.com\/?s={search_term_string}\"},\"query-input\":\"required name=search_term_string\"}],\"inLanguage\":\"it-IT\"},{\"@type\":\"WebPage\",\"@id\":\"https:\/\/katialorenzon.com\/index.php\/portfolio-maskott-story\/#webpage\",\"url\":\"https:\/\/katialorenzon.com\/index.php\/portfolio-maskott-story\/\",\"name\":\"Katia Lorenzon\/portfolio\/Maskott - Storyboard - Katia Lorenzon\",\"isPartOf\":{\"@id\":\"https:\/\/katialorenzon.com\/#website\"},\"datePublished\":\"2016-10-17T10:57:46+00:00\",\"dateModified\":\"2022-01-23T22:00:59+00:00\",\"breadcrumb\":{\"@id\":\"https:\/\/katialorenzon.com\/index.php\/portfolio-maskott-story\/#breadcrumb\"},\"inLanguage\":\"it-IT\",\"potentialAction\":[{\"@type\":\"ReadAction\",\"target\":[\"https:\/\/katialorenzon.com\/index.php\/portfolio-maskott-story\/\"]}]},{\"@type\":\"BreadcrumbList\",\"@id\":\"https:\/\/katialorenzon.com\/index.php\/portfolio-maskott-story\/#breadcrumb\",\"itemListElement\":[{\"@type\":\"ListItem\",\"position\":1,\"name\":\"Accueil\",\"item\":\"https:\/\/katialorenzon.com\/\"},{\"@type\":\"ListItem\",\"position\":2,\"name\":\"Katia Lorenzon\/portfolio\/Maskott &#8211; Storyboard\"}]}]}<\/script>\n<!-- \/ Yoast SEO plugin. -->","yoast_head_json":{"title":"Katia Lorenzon\/portfolio\/Maskott - Storyboard - Katia Lorenzon","robots":{"index":"index","follow":"follow","max-snippet":"max-snippet:-1","max-image-preview":"max-image-preview:large","max-video-preview":"max-video-preview:-1"},"canonical":"https:\/\/katialorenzon.com\/index.php\/portfolio-maskott-story\/","og_locale":"it_IT","og_type":"article","og_title":"Katia Lorenzon\/portfolio\/Maskott - Storyboard - Katia Lorenzon","og_description":"Storyboard pour\u00a0\u201cLes aventures fantastiques de Max\u00b2\u201d, application didactique-ludique pour l\u2019apprentissage des math\u00e9matiques dans les \u00e9coles. R\u00e9alisation dans le cadre du projet Tactileo, qui s\u2019int\u00e9resse \u00e0&#8230;","og_url":"https:\/\/katialorenzon.com\/index.php\/portfolio-maskott-story\/","og_site_name":"Katia Lorenzon","article_modified_time":"2022-01-23T22:00:59+00:00","twitter_card":"summary","twitter_misc":{"Tempo di lettura stimato":"1 minuto"},"schema":{"@context":"https:\/\/schema.org","@graph":[{"@type":"WebSite","@id":"https:\/\/katialorenzon.com\/#website","url":"https:\/\/katialorenzon.com\/","name":"Katia Lorenzon","description":"Design graphique et illustration","potentialAction":[{"@type":"SearchAction","target":{"@type":"EntryPoint","urlTemplate":"https:\/\/katialorenzon.com\/?s={search_term_string}"},"query-input":"required name=search_term_string"}],"inLanguage":"it-IT"},{"@type":"WebPage","@id":"https:\/\/katialorenzon.com\/index.php\/portfolio-maskott-story\/#webpage","url":"https:\/\/katialorenzon.com\/index.php\/portfolio-maskott-story\/","name":"Katia Lorenzon\/portfolio\/Maskott - Storyboard - Katia Lorenzon","isPartOf":{"@id":"https:\/\/katialorenzon.com\/#website"},"datePublished":"2016-10-17T10:57:46+00:00","dateModified":"2022-01-23T22:00:59+00:00","breadcrumb":{"@id":"https:\/\/katialorenzon.com\/index.php\/portfolio-maskott-story\/#breadcrumb"},"inLanguage":"it-IT","potentialAction":[{"@type":"ReadAction","target":["https:\/\/katialorenzon.com\/index.php\/portfolio-maskott-story\/"]}]},{"@type":"BreadcrumbList","@id":"https:\/\/katialorenzon.com\/index.php\/portfolio-maskott-story\/#breadcrumb","itemListElement":[{"@type":"ListItem","position":1,"name":"Accueil","item":"https:\/\/katialorenzon.com\/"},{"@type":"ListItem","position":2,"name":"Katia Lorenzon\/portfolio\/Maskott &#8211; Storyboard"}]}]}},"_links":{"self":[{"href":"https:\/\/katialorenzon.com\/index.php\/wp-json\/wp\/v2\/pages\/630"}],"collection":[{"href":"https:\/\/katialorenzon.com\/index.php\/wp-json\/wp\/v2\/pages"}],"about":[{"href":"https:\/\/katialorenzon.com\/index.php\/wp-json\/wp\/v2\/types\/page"}],"author":[{"embeddable":true,"href":"https:\/\/katialorenzon.com\/index.php\/wp-json\/wp\/v2\/users\/1"}],"replies":[{"embeddable":true,"href":"https:\/\/katialorenzon.com\/index.php\/wp-json\/wp\/v2\/comments?post=630"}],"version-history":[{"count":18,"href":"https:\/\/katialorenzon.com\/index.php\/wp-json\/wp\/v2\/pages\/630\/revisions"}],"predecessor-version":[{"id":4509,"href":"https:\/\/katialorenzon.com\/index.php\/wp-json\/wp\/v2\/pages\/630\/revisions\/4509"}],"wp:attachment":[{"href":"https:\/\/katialorenzon.com\/index.php\/wp-json\/wp\/v2\/media?parent=630"}],"curies":[{"name":"wp","href":"https:\/\/api.w.org\/{rel}","templated":true}]}}