{"id":632,"date":"2016-10-17T13:00:43","date_gmt":"2016-10-17T11:00:43","guid":{"rendered":"http:\/\/katialorenzon.com\/?page_id=632"},"modified":"2022-01-24T08:53:33","modified_gmt":"2022-01-24T07:53:33","slug":"portfolio-replay-vetements-femme","status":"publish","type":"page","link":"https:\/\/katialorenzon.com\/index.php\/portfolio-replay-vetements-femme\/","title":{"rendered":"Katia Lorenzon\/portfolio\/Replay &#8211; Habillement"},"content":{"rendered":"<p style=\"text-align: left;\"><strong>C<\/strong>r\u00e9ation graphique\u00a0pour\u00a0une dizaine de\u00a0tee-shirts pour la marque de v\u00eatements <a href=\"https:\/\/www.replayjeans.com\/fr\"><strong>Replay<\/strong><\/a>. Collection femme, \u00e9t\u00e9. <em>Italie, 2004<\/em>.<img decoding=\"async\" loading=\"lazy\" class=\"aligncenter size-full wp-image-1388\" src=\"https:\/\/katialorenzon.com\/wp-content\/uploads\/2016\/10\/replay-logo.png\" alt=\"replay-logo\" width=\"1000\" height=\"504\" srcset=\"https:\/\/katialorenzon.com\/wp-content\/uploads\/2016\/10\/replay-logo.png 1000w, https:\/\/katialorenzon.com\/wp-content\/uploads\/2016\/10\/replay-logo-300x151.png 300w, https:\/\/katialorenzon.com\/wp-content\/uploads\/2016\/10\/replay-logo-768x387.png 768w\" sizes=\"(max-width: 1000px) 100vw, 1000px\" \/><\/p>\n<p><img decoding=\"async\" loading=\"lazy\" class=\"aligncenter size-full wp-image-637\" src=\"https:\/\/katialorenzon.com\/wp-content\/uploads\/2016\/10\/replay-photo-marque.jpg\" alt=\"replay-photo-marque\" width=\"1000\" height=\"326\" srcset=\"https:\/\/katialorenzon.com\/wp-content\/uploads\/2016\/10\/replay-photo-marque.jpg 1000w, https:\/\/katialorenzon.com\/wp-content\/uploads\/2016\/10\/replay-photo-marque-300x98.jpg 300w, https:\/\/katialorenzon.com\/wp-content\/uploads\/2016\/10\/replay-photo-marque-768x250.jpg 768w\" sizes=\"(max-width: 1000px) 100vw, 1000px\" \/><\/p>\n<p><img decoding=\"async\" loading=\"lazy\" class=\"aligncenter size-full wp-image-1411\" src=\"https:\/\/katialorenzon.com\/wp-content\/uploads\/2016\/10\/replay-t-shirt-illustration.png\" alt=\"replay-t-shirt-illustration\" width=\"754\" height=\"800\" srcset=\"https:\/\/katialorenzon.com\/wp-content\/uploads\/2016\/10\/replay-t-shirt-illustration.png 754w, https:\/\/katialorenzon.com\/wp-content\/uploads\/2016\/10\/replay-t-shirt-illustration-283x300.png 283w\" sizes=\"(max-width: 754px) 100vw, 754px\" \/><\/p>\n<p><img decoding=\"async\" loading=\"lazy\" class=\"aligncenter size-full wp-image-1409\" src=\"https:\/\/katialorenzon.com\/wp-content\/uploads\/2016\/10\/replay-comix-annee-50-illustration-katia-lorenzon.png\" alt=\"replay-comix-annee-50-illustration-katia-lorenzon\" width=\"1000\" height=\"633\" srcset=\"https:\/\/katialorenzon.com\/wp-content\/uploads\/2016\/10\/replay-comix-annee-50-illustration-katia-lorenzon.png 1000w, https:\/\/katialorenzon.com\/wp-content\/uploads\/2016\/10\/replay-comix-annee-50-illustration-katia-lorenzon-300x190.png 300w, https:\/\/katialorenzon.com\/wp-content\/uploads\/2016\/10\/replay-comix-annee-50-illustration-katia-lorenzon-768x486.png 768w\" sizes=\"(max-width: 1000px) 100vw, 1000px\" \/><\/p>\n<p><img decoding=\"async\" loading=\"lazy\" class=\"aligncenter size-full wp-image-1410\" src=\"https:\/\/katialorenzon.com\/wp-content\/uploads\/2016\/10\/replay-collection-illustration.png\" alt=\"replay-collection-illustration\" width=\"707\" height=\"800\" srcset=\"https:\/\/katialorenzon.com\/wp-content\/uploads\/2016\/10\/replay-collection-illustration.png 707w, https:\/\/katialorenzon.com\/wp-content\/uploads\/2016\/10\/replay-collection-illustration-265x300.png 265w\" sizes=\"(max-width: 707px) 100vw, 707px\" \/><\/p>\n<p><img decoding=\"async\" loading=\"lazy\" class=\"aligncenter size-full wp-image-633\" src=\"https:\/\/katialorenzon.com\/wp-content\/uploads\/2016\/10\/replay-collection-comix-annee-50-illustration.jpg\" alt=\"replay-collection-comix-annee-50-illustration\" width=\"1000\" height=\"576\" srcset=\"https:\/\/katialorenzon.com\/wp-content\/uploads\/2016\/10\/replay-collection-comix-annee-50-illustration.jpg 1000w, https:\/\/katialorenzon.com\/wp-content\/uploads\/2016\/10\/replay-collection-comix-annee-50-illustration-300x173.jpg 300w, https:\/\/katialorenzon.com\/wp-content\/uploads\/2016\/10\/replay-collection-comix-annee-50-illustration-768x442.jpg 768w\" sizes=\"(max-width: 1000px) 100vw, 1000px\" \/><\/p>\n","protected":false},"excerpt":{"rendered":"<p>Cr\u00e9ation graphique\u00a0pour\u00a0une dizaine de\u00a0tee-shirts pour la marque de v\u00eatements Replay. Collection femme, \u00e9t\u00e9. Italie, 2004.<\/p>\n","protected":false},"author":1,"featured_media":0,"parent":0,"menu_order":0,"comment_status":"closed","ping_status":"closed","template":"","meta":{"footnotes":""},"yoast_head":"<!-- This site is optimized with the Yoast SEO plugin v17.7.1 - https:\/\/yoast.com\/wordpress\/plugins\/seo\/ -->\n<title>Katia Lorenzon\/portfolio\/Replay - Habillement - Katia Lorenzon<\/title>\n<meta name=\"robots\" content=\"index, follow, max-snippet:-1, max-image-preview:large, max-video-preview:-1\" \/>\n<link rel=\"canonical\" href=\"https:\/\/katialorenzon.com\/index.php\/portfolio-replay-vetements-femme\/\" \/>\n<meta property=\"og:locale\" content=\"it_IT\" \/>\n<meta property=\"og:type\" content=\"article\" \/>\n<meta property=\"og:title\" content=\"Katia Lorenzon\/portfolio\/Replay - Habillement - Katia Lorenzon\" \/>\n<meta property=\"og:description\" content=\"Cr\u00e9ation graphique\u00a0pour\u00a0une dizaine de\u00a0tee-shirts pour la marque de v\u00eatements Replay. Collection femme, \u00e9t\u00e9. Italie, 2004.\" \/>\n<meta property=\"og:url\" content=\"https:\/\/katialorenzon.com\/index.php\/portfolio-replay-vetements-femme\/\" \/>\n<meta property=\"og:site_name\" content=\"Katia Lorenzon\" \/>\n<meta property=\"article:modified_time\" content=\"2022-01-24T07:53:33+00:00\" \/>\n<meta property=\"og:image\" content=\"http:\/\/katialorenzon.com\/wp-content\/uploads\/2016\/10\/replay-logo.png\" \/>\n<meta name=\"twitter:card\" content=\"summary\" \/>\n<meta name=\"twitter:label1\" content=\"Tempo di lettura stimato\" \/>\n\t<meta name=\"twitter:data1\" content=\"2 minuti\" \/>\n<script type=\"application\/ld+json\" class=\"yoast-schema-graph\">{\"@context\":\"https:\/\/schema.org\",\"@graph\":[{\"@type\":\"WebSite\",\"@id\":\"https:\/\/katialorenzon.com\/#website\",\"url\":\"https:\/\/katialorenzon.com\/\",\"name\":\"Katia Lorenzon\",\"description\":\"Design graphique et illustration\",\"potentialAction\":[{\"@type\":\"SearchAction\",\"target\":{\"@type\":\"EntryPoint\",\"urlTemplate\":\"https:\/\/katialorenzon.com\/?s={search_term_string}\"},\"query-input\":\"required name=search_term_string\"}],\"inLanguage\":\"it-IT\"},{\"@type\":\"ImageObject\",\"@id\":\"https:\/\/katialorenzon.com\/index.php\/portfolio-replay-vetements-femme\/#primaryimage\",\"inLanguage\":\"it-IT\",\"url\":\"http:\/\/katialorenzon.com\/wp-content\/uploads\/2016\/10\/replay-logo.png\",\"contentUrl\":\"http:\/\/katialorenzon.com\/wp-content\/uploads\/2016\/10\/replay-logo.png\"},{\"@type\":\"WebPage\",\"@id\":\"https:\/\/katialorenzon.com\/index.php\/portfolio-replay-vetements-femme\/#webpage\",\"url\":\"https:\/\/katialorenzon.com\/index.php\/portfolio-replay-vetements-femme\/\",\"name\":\"Katia Lorenzon\/portfolio\/Replay - Habillement - Katia Lorenzon\",\"isPartOf\":{\"@id\":\"https:\/\/katialorenzon.com\/#website\"},\"primaryImageOfPage\":{\"@id\":\"https:\/\/katialorenzon.com\/index.php\/portfolio-replay-vetements-femme\/#primaryimage\"},\"datePublished\":\"2016-10-17T11:00:43+00:00\",\"dateModified\":\"2022-01-24T07:53:33+00:00\",\"breadcrumb\":{\"@id\":\"https:\/\/katialorenzon.com\/index.php\/portfolio-replay-vetements-femme\/#breadcrumb\"},\"inLanguage\":\"it-IT\",\"potentialAction\":[{\"@type\":\"ReadAction\",\"target\":[\"https:\/\/katialorenzon.com\/index.php\/portfolio-replay-vetements-femme\/\"]}]},{\"@type\":\"BreadcrumbList\",\"@id\":\"https:\/\/katialorenzon.com\/index.php\/portfolio-replay-vetements-femme\/#breadcrumb\",\"itemListElement\":[{\"@type\":\"ListItem\",\"position\":1,\"name\":\"Accueil\",\"item\":\"https:\/\/katialorenzon.com\/\"},{\"@type\":\"ListItem\",\"position\":2,\"name\":\"Katia Lorenzon\/portfolio\/Replay &#8211; Habillement\"}]}]}<\/script>\n<!-- \/ Yoast SEO plugin. -->","yoast_head_json":{"title":"Katia Lorenzon\/portfolio\/Replay - Habillement - Katia Lorenzon","robots":{"index":"index","follow":"follow","max-snippet":"max-snippet:-1","max-image-preview":"max-image-preview:large","max-video-preview":"max-video-preview:-1"},"canonical":"https:\/\/katialorenzon.com\/index.php\/portfolio-replay-vetements-femme\/","og_locale":"it_IT","og_type":"article","og_title":"Katia Lorenzon\/portfolio\/Replay - Habillement - Katia Lorenzon","og_description":"Cr\u00e9ation graphique\u00a0pour\u00a0une dizaine de\u00a0tee-shirts pour la marque de v\u00eatements Replay. Collection femme, \u00e9t\u00e9. Italie, 2004.","og_url":"https:\/\/katialorenzon.com\/index.php\/portfolio-replay-vetements-femme\/","og_site_name":"Katia Lorenzon","article_modified_time":"2022-01-24T07:53:33+00:00","og_image":[{"url":"http:\/\/katialorenzon.com\/wp-content\/uploads\/2016\/10\/replay-logo.png"}],"twitter_card":"summary","twitter_misc":{"Tempo di lettura stimato":"2 minuti"},"schema":{"@context":"https:\/\/schema.org","@graph":[{"@type":"WebSite","@id":"https:\/\/katialorenzon.com\/#website","url":"https:\/\/katialorenzon.com\/","name":"Katia Lorenzon","description":"Design graphique et illustration","potentialAction":[{"@type":"SearchAction","target":{"@type":"EntryPoint","urlTemplate":"https:\/\/katialorenzon.com\/?s={search_term_string}"},"query-input":"required name=search_term_string"}],"inLanguage":"it-IT"},{"@type":"ImageObject","@id":"https:\/\/katialorenzon.com\/index.php\/portfolio-replay-vetements-femme\/#primaryimage","inLanguage":"it-IT","url":"http:\/\/katialorenzon.com\/wp-content\/uploads\/2016\/10\/replay-logo.png","contentUrl":"http:\/\/katialorenzon.com\/wp-content\/uploads\/2016\/10\/replay-logo.png"},{"@type":"WebPage","@id":"https:\/\/katialorenzon.com\/index.php\/portfolio-replay-vetements-femme\/#webpage","url":"https:\/\/katialorenzon.com\/index.php\/portfolio-replay-vetements-femme\/","name":"Katia Lorenzon\/portfolio\/Replay - Habillement - Katia Lorenzon","isPartOf":{"@id":"https:\/\/katialorenzon.com\/#website"},"primaryImageOfPage":{"@id":"https:\/\/katialorenzon.com\/index.php\/portfolio-replay-vetements-femme\/#primaryimage"},"datePublished":"2016-10-17T11:00:43+00:00","dateModified":"2022-01-24T07:53:33+00:00","breadcrumb":{"@id":"https:\/\/katialorenzon.com\/index.php\/portfolio-replay-vetements-femme\/#breadcrumb"},"inLanguage":"it-IT","potentialAction":[{"@type":"ReadAction","target":["https:\/\/katialorenzon.com\/index.php\/portfolio-replay-vetements-femme\/"]}]},{"@type":"BreadcrumbList","@id":"https:\/\/katialorenzon.com\/index.php\/portfolio-replay-vetements-femme\/#breadcrumb","itemListElement":[{"@type":"ListItem","position":1,"name":"Accueil","item":"https:\/\/katialorenzon.com\/"},{"@type":"ListItem","position":2,"name":"Katia Lorenzon\/portfolio\/Replay &#8211; Habillement"}]}]}},"_links":{"self":[{"href":"https:\/\/katialorenzon.com\/index.php\/wp-json\/wp\/v2\/pages\/632"}],"collection":[{"href":"https:\/\/katialorenzon.com\/index.php\/wp-json\/wp\/v2\/pages"}],"about":[{"href":"https:\/\/katialorenzon.com\/index.php\/wp-json\/wp\/v2\/types\/page"}],"author":[{"embeddable":true,"href":"https:\/\/katialorenzon.com\/index.php\/wp-json\/wp\/v2\/users\/1"}],"replies":[{"embeddable":true,"href":"https:\/\/katialorenzon.com\/index.php\/wp-json\/wp\/v2\/comments?post=632"}],"version-history":[{"count":17,"href":"https:\/\/katialorenzon.com\/index.php\/wp-json\/wp\/v2\/pages\/632\/revisions"}],"predecessor-version":[{"id":4570,"href":"https:\/\/katialorenzon.com\/index.php\/wp-json\/wp\/v2\/pages\/632\/revisions\/4570"}],"wp:attachment":[{"href":"https:\/\/katialorenzon.com\/index.php\/wp-json\/wp\/v2\/media?parent=632"}],"curies":[{"name":"wp","href":"https:\/\/api.w.org\/{rel}","templated":true}]}}