{"id":807,"date":"2016-10-17T14:51:21","date_gmt":"2016-10-17T12:51:21","guid":{"rendered":"http:\/\/katialorenzon.com\/?page_id=807"},"modified":"2022-01-24T08:53:48","modified_gmt":"2022-01-24T07:53:48","slug":"portfolio-replay-sardaigne","status":"publish","type":"page","link":"https:\/\/katialorenzon.com\/index.php\/portfolio-replay-sardaigne\/","title":{"rendered":"Katia Lorenzon\/portfolio\/Replay &#8211; Sardaigne"},"content":{"rendered":"<p><strong>C<\/strong>r\u00e9ation graphique d&#8217;une dizaine de tee-shirt pour la marque de v\u00eatements <strong><a href=\"https:\/\/www.replayjeans.com\/fr\">Replay<\/a>,<\/strong> r\u00e9alis\u00e9es en\u00a0technique mixte : print 3D\u00a0et broderie.\u00a0Collection femme, \u00e9t\u00e9. <em>Italie, 2004<\/em>.<img decoding=\"async\" loading=\"lazy\" class=\"aligncenter size-full wp-image-1388\" src=\"https:\/\/katialorenzon.com\/wp-content\/uploads\/2016\/10\/replay-logo.png\" alt=\"replay-logo\" width=\"1000\" height=\"504\" srcset=\"https:\/\/katialorenzon.com\/wp-content\/uploads\/2016\/10\/replay-logo.png 1000w, https:\/\/katialorenzon.com\/wp-content\/uploads\/2016\/10\/replay-logo-300x151.png 300w, https:\/\/katialorenzon.com\/wp-content\/uploads\/2016\/10\/replay-logo-768x387.png 768w\" sizes=\"(max-width: 1000px) 100vw, 1000px\" \/><\/p>\n<p><img decoding=\"async\" loading=\"lazy\" class=\"aligncenter size-full wp-image-637\" src=\"https:\/\/katialorenzon.com\/wp-content\/uploads\/2016\/10\/replay-photo-marque.jpg\" alt=\"replay-photo-marque\" width=\"1000\" height=\"326\" srcset=\"https:\/\/katialorenzon.com\/wp-content\/uploads\/2016\/10\/replay-photo-marque.jpg 1000w, https:\/\/katialorenzon.com\/wp-content\/uploads\/2016\/10\/replay-photo-marque-300x98.jpg 300w, https:\/\/katialorenzon.com\/wp-content\/uploads\/2016\/10\/replay-photo-marque-768x250.jpg 768w\" sizes=\"(max-width: 1000px) 100vw, 1000px\" \/><\/p>\n<p><img decoding=\"async\" loading=\"lazy\" class=\"aligncenter size-full wp-image-808\" src=\"https:\/\/katialorenzon.com\/wp-content\/uploads\/2016\/10\/replay-maison-cactus-katia-lorenzon.jpg\" alt=\"replay-maison-cactus-katia-lorenzon\" width=\"389\" height=\"800\" srcset=\"https:\/\/katialorenzon.com\/wp-content\/uploads\/2016\/10\/replay-maison-cactus-katia-lorenzon.jpg 389w, https:\/\/katialorenzon.com\/wp-content\/uploads\/2016\/10\/replay-maison-cactus-katia-lorenzon-146x300.jpg 146w\" sizes=\"(max-width: 389px) 100vw, 389px\" \/><img decoding=\"async\" loading=\"lazy\" class=\"aligncenter size-full wp-image-1389\" src=\"https:\/\/katialorenzon.com\/wp-content\/uploads\/2016\/10\/replay-maisons-paysage-katia-lorenzon.png\" alt=\"replay-maisons-paysage-katia-lorenzon\" width=\"1000\" height=\"709\" srcset=\"https:\/\/katialorenzon.com\/wp-content\/uploads\/2016\/10\/replay-maisons-paysage-katia-lorenzon.png 1000w, https:\/\/katialorenzon.com\/wp-content\/uploads\/2016\/10\/replay-maisons-paysage-katia-lorenzon-300x213.png 300w, https:\/\/katialorenzon.com\/wp-content\/uploads\/2016\/10\/replay-maisons-paysage-katia-lorenzon-768x545.png 768w\" sizes=\"(max-width: 1000px) 100vw, 1000px\" \/><\/p>\n<p><img decoding=\"async\" loading=\"lazy\" class=\"aligncenter size-full wp-image-1391\" src=\"https:\/\/katialorenzon.com\/wp-content\/uploads\/2016\/10\/replay-rue-crayon-katia-lorenzon.png\" alt=\"replay-rue-crayon-katia-lorenzon\" width=\"600\" height=\"797\" srcset=\"https:\/\/katialorenzon.com\/wp-content\/uploads\/2016\/10\/replay-rue-crayon-katia-lorenzon.png 600w, https:\/\/katialorenzon.com\/wp-content\/uploads\/2016\/10\/replay-rue-crayon-katia-lorenzon-226x300.png 226w\" sizes=\"(max-width: 600px) 100vw, 600px\" \/><\/p>\n<p><img decoding=\"async\" loading=\"lazy\" class=\"aligncenter size-full wp-image-812\" src=\"https:\/\/katialorenzon.com\/wp-content\/uploads\/2016\/10\/replay-pylones-electriques-katia-lorenzon.jpg\" alt=\"replay-pylones-electriques-katia-lorenzon\" width=\"408\" height=\"800\" srcset=\"https:\/\/katialorenzon.com\/wp-content\/uploads\/2016\/10\/replay-pylones-electriques-katia-lorenzon.jpg 408w, https:\/\/katialorenzon.com\/wp-content\/uploads\/2016\/10\/replay-pylones-electriques-katia-lorenzon-153x300.jpg 153w\" sizes=\"(max-width: 408px) 100vw, 408px\" \/><\/p>\n<p><img decoding=\"async\" loading=\"lazy\" class=\"aligncenter size-full wp-image-1390\" src=\"https:\/\/katialorenzon.com\/wp-content\/uploads\/2016\/10\/replay-paysage-crayon-katia-lorenzon.png\" alt=\"replay-paysage-crayon-katia-lorenzon\" width=\"1000\" height=\"504\" srcset=\"https:\/\/katialorenzon.com\/wp-content\/uploads\/2016\/10\/replay-paysage-crayon-katia-lorenzon.png 1000w, https:\/\/katialorenzon.com\/wp-content\/uploads\/2016\/10\/replay-paysage-crayon-katia-lorenzon-300x151.png 300w, https:\/\/katialorenzon.com\/wp-content\/uploads\/2016\/10\/replay-paysage-crayon-katia-lorenzon-768x387.png 768w\" sizes=\"(max-width: 1000px) 100vw, 1000px\" \/><\/p>\n<p><img decoding=\"async\" loading=\"lazy\" class=\"aligncenter size-full wp-image-809\" src=\"https:\/\/katialorenzon.com\/wp-content\/uploads\/2016\/10\/replay-maison-crayon-katia-lorenzon.jpg\" alt=\"replay-maison-crayon-katia-lorenzon\" width=\"375\" height=\"800\" srcset=\"https:\/\/katialorenzon.com\/wp-content\/uploads\/2016\/10\/replay-maison-crayon-katia-lorenzon.jpg 375w, https:\/\/katialorenzon.com\/wp-content\/uploads\/2016\/10\/replay-maison-crayon-katia-lorenzon-141x300.jpg 141w\" sizes=\"(max-width: 375px) 100vw, 375px\" \/><img decoding=\"async\" loading=\"lazy\" class=\"aligncenter size-full wp-image-1503\" src=\"https:\/\/katialorenzon.com\/wp-content\/uploads\/2016\/10\/replay-rue-solitaire-blanche-katia-lorenzon.png\" alt=\"replay-rue-solitaire-blanche-katia-lorenzon\" width=\"602\" height=\"800\" srcset=\"https:\/\/katialorenzon.com\/wp-content\/uploads\/2016\/10\/replay-rue-solitaire-blanche-katia-lorenzon.png 602w, https:\/\/katialorenzon.com\/wp-content\/uploads\/2016\/10\/replay-rue-solitaire-blanche-katia-lorenzon-226x300.png 226w\" sizes=\"(max-width: 602px) 100vw, 602px\" \/><\/p>\n","protected":false},"excerpt":{"rendered":"<p>Cr\u00e9ation graphique d&#8217;une dizaine de tee-shirt pour la marque de v\u00eatements Replay, r\u00e9alis\u00e9es en\u00a0technique mixte : print 3D\u00a0et broderie.\u00a0Collection femme, \u00e9t\u00e9. Italie, 2004.<\/p>\n","protected":false},"author":1,"featured_media":0,"parent":0,"menu_order":0,"comment_status":"closed","ping_status":"closed","template":"","meta":{"footnotes":""},"yoast_head":"<!-- This site is optimized with the Yoast SEO plugin v17.7.1 - https:\/\/yoast.com\/wordpress\/plugins\/seo\/ -->\n<title>Katia Lorenzon\/portfolio\/Replay - Sardaigne - Katia Lorenzon<\/title>\n<meta name=\"robots\" content=\"index, follow, max-snippet:-1, max-image-preview:large, max-video-preview:-1\" \/>\n<link rel=\"canonical\" href=\"https:\/\/katialorenzon.com\/index.php\/portfolio-replay-sardaigne\/\" \/>\n<meta property=\"og:locale\" content=\"it_IT\" \/>\n<meta property=\"og:type\" content=\"article\" \/>\n<meta property=\"og:title\" content=\"Katia Lorenzon\/portfolio\/Replay - Sardaigne - Katia Lorenzon\" \/>\n<meta property=\"og:description\" content=\"Cr\u00e9ation graphique d&#8217;une dizaine de tee-shirt pour la marque de v\u00eatements Replay, r\u00e9alis\u00e9es en\u00a0technique mixte : print 3D\u00a0et broderie.\u00a0Collection femme, \u00e9t\u00e9. Italie, 2004.\" \/>\n<meta property=\"og:url\" content=\"https:\/\/katialorenzon.com\/index.php\/portfolio-replay-sardaigne\/\" \/>\n<meta property=\"og:site_name\" content=\"Katia Lorenzon\" \/>\n<meta property=\"article:modified_time\" content=\"2022-01-24T07:53:48+00:00\" \/>\n<meta property=\"og:image\" content=\"http:\/\/katialorenzon.com\/wp-content\/uploads\/2016\/10\/replay-logo.png\" \/>\n<meta name=\"twitter:card\" content=\"summary\" \/>\n<meta name=\"twitter:label1\" content=\"Tempo di lettura stimato\" \/>\n\t<meta name=\"twitter:data1\" content=\"2 minuti\" \/>\n<script type=\"application\/ld+json\" class=\"yoast-schema-graph\">{\"@context\":\"https:\/\/schema.org\",\"@graph\":[{\"@type\":\"WebSite\",\"@id\":\"https:\/\/katialorenzon.com\/#website\",\"url\":\"https:\/\/katialorenzon.com\/\",\"name\":\"Katia Lorenzon\",\"description\":\"Design graphique et illustration\",\"potentialAction\":[{\"@type\":\"SearchAction\",\"target\":{\"@type\":\"EntryPoint\",\"urlTemplate\":\"https:\/\/katialorenzon.com\/?s={search_term_string}\"},\"query-input\":\"required name=search_term_string\"}],\"inLanguage\":\"it-IT\"},{\"@type\":\"ImageObject\",\"@id\":\"https:\/\/katialorenzon.com\/index.php\/portfolio-replay-sardaigne\/#primaryimage\",\"inLanguage\":\"it-IT\",\"url\":\"http:\/\/katialorenzon.com\/wp-content\/uploads\/2016\/10\/replay-logo.png\",\"contentUrl\":\"http:\/\/katialorenzon.com\/wp-content\/uploads\/2016\/10\/replay-logo.png\"},{\"@type\":\"WebPage\",\"@id\":\"https:\/\/katialorenzon.com\/index.php\/portfolio-replay-sardaigne\/#webpage\",\"url\":\"https:\/\/katialorenzon.com\/index.php\/portfolio-replay-sardaigne\/\",\"name\":\"Katia Lorenzon\/portfolio\/Replay - Sardaigne - Katia Lorenzon\",\"isPartOf\":{\"@id\":\"https:\/\/katialorenzon.com\/#website\"},\"primaryImageOfPage\":{\"@id\":\"https:\/\/katialorenzon.com\/index.php\/portfolio-replay-sardaigne\/#primaryimage\"},\"datePublished\":\"2016-10-17T12:51:21+00:00\",\"dateModified\":\"2022-01-24T07:53:48+00:00\",\"breadcrumb\":{\"@id\":\"https:\/\/katialorenzon.com\/index.php\/portfolio-replay-sardaigne\/#breadcrumb\"},\"inLanguage\":\"it-IT\",\"potentialAction\":[{\"@type\":\"ReadAction\",\"target\":[\"https:\/\/katialorenzon.com\/index.php\/portfolio-replay-sardaigne\/\"]}]},{\"@type\":\"BreadcrumbList\",\"@id\":\"https:\/\/katialorenzon.com\/index.php\/portfolio-replay-sardaigne\/#breadcrumb\",\"itemListElement\":[{\"@type\":\"ListItem\",\"position\":1,\"name\":\"Accueil\",\"item\":\"https:\/\/katialorenzon.com\/\"},{\"@type\":\"ListItem\",\"position\":2,\"name\":\"Katia Lorenzon\/portfolio\/Replay &#8211; Sardaigne\"}]}]}<\/script>\n<!-- \/ Yoast SEO plugin. -->","yoast_head_json":{"title":"Katia Lorenzon\/portfolio\/Replay - Sardaigne - Katia Lorenzon","robots":{"index":"index","follow":"follow","max-snippet":"max-snippet:-1","max-image-preview":"max-image-preview:large","max-video-preview":"max-video-preview:-1"},"canonical":"https:\/\/katialorenzon.com\/index.php\/portfolio-replay-sardaigne\/","og_locale":"it_IT","og_type":"article","og_title":"Katia Lorenzon\/portfolio\/Replay - Sardaigne - Katia Lorenzon","og_description":"Cr\u00e9ation graphique d&#8217;une dizaine de tee-shirt pour la marque de v\u00eatements Replay, r\u00e9alis\u00e9es en\u00a0technique mixte : print 3D\u00a0et broderie.\u00a0Collection femme, \u00e9t\u00e9. Italie, 2004.","og_url":"https:\/\/katialorenzon.com\/index.php\/portfolio-replay-sardaigne\/","og_site_name":"Katia Lorenzon","article_modified_time":"2022-01-24T07:53:48+00:00","og_image":[{"url":"http:\/\/katialorenzon.com\/wp-content\/uploads\/2016\/10\/replay-logo.png"}],"twitter_card":"summary","twitter_misc":{"Tempo di lettura stimato":"2 minuti"},"schema":{"@context":"https:\/\/schema.org","@graph":[{"@type":"WebSite","@id":"https:\/\/katialorenzon.com\/#website","url":"https:\/\/katialorenzon.com\/","name":"Katia Lorenzon","description":"Design graphique et illustration","potentialAction":[{"@type":"SearchAction","target":{"@type":"EntryPoint","urlTemplate":"https:\/\/katialorenzon.com\/?s={search_term_string}"},"query-input":"required name=search_term_string"}],"inLanguage":"it-IT"},{"@type":"ImageObject","@id":"https:\/\/katialorenzon.com\/index.php\/portfolio-replay-sardaigne\/#primaryimage","inLanguage":"it-IT","url":"http:\/\/katialorenzon.com\/wp-content\/uploads\/2016\/10\/replay-logo.png","contentUrl":"http:\/\/katialorenzon.com\/wp-content\/uploads\/2016\/10\/replay-logo.png"},{"@type":"WebPage","@id":"https:\/\/katialorenzon.com\/index.php\/portfolio-replay-sardaigne\/#webpage","url":"https:\/\/katialorenzon.com\/index.php\/portfolio-replay-sardaigne\/","name":"Katia Lorenzon\/portfolio\/Replay - Sardaigne - Katia Lorenzon","isPartOf":{"@id":"https:\/\/katialorenzon.com\/#website"},"primaryImageOfPage":{"@id":"https:\/\/katialorenzon.com\/index.php\/portfolio-replay-sardaigne\/#primaryimage"},"datePublished":"2016-10-17T12:51:21+00:00","dateModified":"2022-01-24T07:53:48+00:00","breadcrumb":{"@id":"https:\/\/katialorenzon.com\/index.php\/portfolio-replay-sardaigne\/#breadcrumb"},"inLanguage":"it-IT","potentialAction":[{"@type":"ReadAction","target":["https:\/\/katialorenzon.com\/index.php\/portfolio-replay-sardaigne\/"]}]},{"@type":"BreadcrumbList","@id":"https:\/\/katialorenzon.com\/index.php\/portfolio-replay-sardaigne\/#breadcrumb","itemListElement":[{"@type":"ListItem","position":1,"name":"Accueil","item":"https:\/\/katialorenzon.com\/"},{"@type":"ListItem","position":2,"name":"Katia Lorenzon\/portfolio\/Replay &#8211; Sardaigne"}]}]}},"_links":{"self":[{"href":"https:\/\/katialorenzon.com\/index.php\/wp-json\/wp\/v2\/pages\/807"}],"collection":[{"href":"https:\/\/katialorenzon.com\/index.php\/wp-json\/wp\/v2\/pages"}],"about":[{"href":"https:\/\/katialorenzon.com\/index.php\/wp-json\/wp\/v2\/types\/page"}],"author":[{"embeddable":true,"href":"https:\/\/katialorenzon.com\/index.php\/wp-json\/wp\/v2\/users\/1"}],"replies":[{"embeddable":true,"href":"https:\/\/katialorenzon.com\/index.php\/wp-json\/wp\/v2\/comments?post=807"}],"version-history":[{"count":11,"href":"https:\/\/katialorenzon.com\/index.php\/wp-json\/wp\/v2\/pages\/807\/revisions"}],"predecessor-version":[{"id":4571,"href":"https:\/\/katialorenzon.com\/index.php\/wp-json\/wp\/v2\/pages\/807\/revisions\/4571"}],"wp:attachment":[{"href":"https:\/\/katialorenzon.com\/index.php\/wp-json\/wp\/v2\/media?parent=807"}],"curies":[{"name":"wp","href":"https:\/\/api.w.org\/{rel}","templated":true}]}}